{"id":105,"date":"2017-05-24T16:16:07","date_gmt":"2017-05-24T15:16:07","guid":{"rendered":"http:\/\/fundacionexe.org\/workshops\/culturlab17\/?page_id=105"},"modified":"2017-08-10T13:55:59","modified_gmt":"2017-08-10T12:55:59","slug":"organitzacio","status":"publish","type":"page","link":"https:\/\/fundacionexe.org\/workshops\/culturlab17\/organitzacio\/","title":{"rendered":"Organitzaci\u00f3"},"content":{"rendered":"<h2 style=\"text-align: center\">Organitza:<\/h2>\n<p style=\"text-align: center\"><img loading=\"lazy\" decoding=\"async\" class=\"size-full wp-image-110 aligncenter\" src=\"http:\/\/fundacionexe.org\/workshops\/culturlab17\/wp-content\/uploads\/sites\/6\/2017\/05\/FNexe.png\" alt=\"\" width=\"216\" height=\"102\" \/><\/p>\n<p>&nbsp;<\/p>\n<p><img loading=\"lazy\" decoding=\"async\" class=\"size-medium wp-image-106 aligncenter\" src=\"http:\/\/fundacionexe.org\/workshops\/culturlab17\/wp-content\/uploads\/sites\/6\/2017\/05\/CMC-300x129.png\" alt=\"\" width=\"300\" height=\"129\" srcset=\"https:\/\/fundacionexe.org\/workshops\/culturlab17\/wp-content\/uploads\/sites\/6\/2017\/05\/CMC-300x129.png 300w, https:\/\/fundacionexe.org\/workshops\/culturlab17\/wp-content\/uploads\/sites\/6\/2017\/05\/CMC.png 571w\" sizes=\"auto, (max-width: 300px) 100vw, 300px\" \/><\/p>\n<p>&nbsp;<\/p>\n<h2 style=\"text-align: center\">Col\u00b7laboren:<\/h2>\n<p><img loading=\"lazy\" decoding=\"async\" class=\"wp-image-223 size-thumbnail aligncenter\" src=\"http:\/\/fundacionexe.org\/workshops\/culturlab17\/wp-content\/uploads\/sites\/6\/2017\/05\/departament-filologia-150x150.png\" alt=\"\" width=\"150\" height=\"150\" srcset=\"https:\/\/fundacionexe.org\/workshops\/culturlab17\/wp-content\/uploads\/sites\/6\/2017\/05\/departament-filologia-150x150.png 150w, https:\/\/fundacionexe.org\/workshops\/culturlab17\/wp-content\/uploads\/sites\/6\/2017\/05\/departament-filologia.png 300w\" sizes=\"auto, (max-width: 150px) 100vw, 150px\" \/><\/p>\n<p><img loading=\"lazy\" decoding=\"async\" class=\"aligncenter wp-image-232 size-full\" src=\"http:\/\/fundacionexe.org\/workshops\/culturlab17\/wp-content\/uploads\/sites\/6\/2017\/05\/Departament-teoria-llenguatge.png\" alt=\"\" width=\"339\" height=\"207\" srcset=\"https:\/\/fundacionexe.org\/workshops\/culturlab17\/wp-content\/uploads\/sites\/6\/2017\/05\/Departament-teoria-llenguatge.png 339w, https:\/\/fundacionexe.org\/workshops\/culturlab17\/wp-content\/uploads\/sites\/6\/2017\/05\/Departament-teoria-llenguatge-300x183.png 300w\" sizes=\"auto, (max-width: 339px) 100vw, 339px\" \/><\/p>\n<h3 style=\"text-align: center\">Comissi\u00f3 Interuniversit\u00e0ria a favor d&#8217;una\u00a0 Radiotelevisi\u00f3 P\u00fablica Valenciana<\/h3>\n<p><img loading=\"lazy\" decoding=\"async\" class=\"wp-image-224 size-thumbnail aligncenter\" src=\"http:\/\/fundacionexe.org\/workshops\/culturlab17\/wp-content\/uploads\/sites\/6\/2017\/05\/MH-150x150.png\" alt=\"\" width=\"150\" height=\"150\" srcset=\"https:\/\/fundacionexe.org\/workshops\/culturlab17\/wp-content\/uploads\/sites\/6\/2017\/05\/MH-150x150.png 150w, https:\/\/fundacionexe.org\/workshops\/culturlab17\/wp-content\/uploads\/sites\/6\/2017\/05\/MH-300x298.png 300w, https:\/\/fundacionexe.org\/workshops\/culturlab17\/wp-content\/uploads\/sites\/6\/2017\/05\/MH-768x764.png 768w, https:\/\/fundacionexe.org\/workshops\/culturlab17\/wp-content\/uploads\/sites\/6\/2017\/05\/MH-1024x1019.png 1024w, https:\/\/fundacionexe.org\/workshops\/culturlab17\/wp-content\/uploads\/sites\/6\/2017\/05\/MH.png 1362w\" sizes=\"auto, (max-width: 150px) 100vw, 150px\" \/> <img loading=\"lazy\" decoding=\"async\" class=\"wp-image-225 size-medium aligncenter\" src=\"http:\/\/fundacionexe.org\/workshops\/culturlab17\/wp-content\/uploads\/sites\/6\/2017\/05\/UA-300x76.png\" alt=\"\" width=\"300\" height=\"76\" srcset=\"https:\/\/fundacionexe.org\/workshops\/culturlab17\/wp-content\/uploads\/sites\/6\/2017\/05\/UA-300x76.png 300w, https:\/\/fundacionexe.org\/workshops\/culturlab17\/wp-content\/uploads\/sites\/6\/2017\/05\/UA-768x193.png 768w, https:\/\/fundacionexe.org\/workshops\/culturlab17\/wp-content\/uploads\/sites\/6\/2017\/05\/UA-1024x258.png 1024w\" sizes=\"auto, (max-width: 300px) 100vw, 300px\" \/> <img loading=\"lazy\" decoding=\"async\" class=\"size-medium wp-image-226 aligncenter\" src=\"http:\/\/fundacionexe.org\/workshops\/culturlab17\/wp-content\/uploads\/sites\/6\/2017\/05\/UPV-300x98.png\" alt=\"\" width=\"300\" height=\"98\" srcset=\"https:\/\/fundacionexe.org\/workshops\/culturlab17\/wp-content\/uploads\/sites\/6\/2017\/05\/UPV-300x98.png 300w, https:\/\/fundacionexe.org\/workshops\/culturlab17\/wp-content\/uploads\/sites\/6\/2017\/05\/UPV-768x251.png 768w, https:\/\/fundacionexe.org\/workshops\/culturlab17\/wp-content\/uploads\/sites\/6\/2017\/05\/UPV-1024x335.png 1024w\" sizes=\"auto, (max-width: 300px) 100vw, 300px\" \/> <img loading=\"lazy\" decoding=\"async\" class=\"size-medium wp-image-227 aligncenter\" src=\"http:\/\/fundacionexe.org\/workshops\/culturlab17\/wp-content\/uploads\/sites\/6\/2017\/05\/UV-300x102.png\" alt=\"\" width=\"300\" height=\"102\" srcset=\"https:\/\/fundacionexe.org\/workshops\/culturlab17\/wp-content\/uploads\/sites\/6\/2017\/05\/UV-300x102.png 300w, https:\/\/fundacionexe.org\/workshops\/culturlab17\/wp-content\/uploads\/sites\/6\/2017\/05\/UV-768x262.png 768w, https:\/\/fundacionexe.org\/workshops\/culturlab17\/wp-content\/uploads\/sites\/6\/2017\/05\/UV-1024x350.png 1024w\" sizes=\"auto, (max-width: 300px) 100vw, 300px\" \/><\/p>\n<p><img loading=\"lazy\" decoding=\"async\" class=\"size-full wp-image-229 aligncenter\" src=\"http:\/\/fundacionexe.org\/workshops\/culturlab17\/wp-content\/uploads\/sites\/6\/2017\/05\/UJI.png\" alt=\"\" width=\"225\" height=\"90\" \/><\/p>\n<h2 style=\"text-align: center\">Amb el suport de:<\/h2>\n<h4 style=\"text-align: center\">Direcci\u00f3 General de Pol\u00edtica Ling\u00fc\u00edstica i Gesti\u00f3 del Multiling\u00fcisme<\/h4>\n<p><img loading=\"lazy\" decoding=\"async\" class=\" wp-image-247 aligncenter\" src=\"http:\/\/fundacionexe.org\/workshops\/culturlab17\/wp-content\/uploads\/sites\/6\/2017\/05\/Educacio_generic_val-300x212.jpg\" alt=\"\" width=\"234\" height=\"165\" srcset=\"https:\/\/fundacionexe.org\/workshops\/culturlab17\/wp-content\/uploads\/sites\/6\/2017\/05\/Educacio_generic_val-300x212.jpg 300w, https:\/\/fundacionexe.org\/workshops\/culturlab17\/wp-content\/uploads\/sites\/6\/2017\/05\/Educacio_generic_val-768x543.jpg 768w, https:\/\/fundacionexe.org\/workshops\/culturlab17\/wp-content\/uploads\/sites\/6\/2017\/05\/Educacio_generic_val.jpg 842w\" sizes=\"auto, (max-width: 234px) 100vw, 234px\" \/><\/p>\n","protected":false},"excerpt":{"rendered":"<p>Organitza: &nbsp; &nbsp; Col\u00b7laboren: Comissi\u00f3 Interuniversit\u00e0ria a favor d&#8217;una\u00a0 Radiotelevisi\u00f3 P\u00fablica Valenciana Amb el suport de: Direcci\u00f3 General de Pol\u00edtica Ling\u00fc\u00edstica i Gesti\u00f3 del Multiling\u00fcisme<\/p>\n","protected":false},"author":3,"featured_media":0,"parent":0,"menu_order":0,"comment_status":"closed","ping_status":"closed","template":"","meta":{"footnotes":""},"class_list":["post-105","page","type-page","status-publish","hentry"],"_links":{"self":[{"href":"https:\/\/fundacionexe.org\/workshops\/culturlab17\/wp-json\/wp\/v2\/pages\/105","targetHints":{"allow":["GET"]}}],"collection":[{"href":"https:\/\/fundacionexe.org\/workshops\/culturlab17\/wp-json\/wp\/v2\/pages"}],"about":[{"href":"https:\/\/fundacionexe.org\/workshops\/culturlab17\/wp-json\/wp\/v2\/types\/page"}],"author":[{"embeddable":true,"href":"https:\/\/fundacionexe.org\/workshops\/culturlab17\/wp-json\/wp\/v2\/users\/3"}],"replies":[{"embeddable":true,"href":"https:\/\/fundacionexe.org\/workshops\/culturlab17\/wp-json\/wp\/v2\/comments?post=105"}],"version-history":[{"count":8,"href":"https:\/\/fundacionexe.org\/workshops\/culturlab17\/wp-json\/wp\/v2\/pages\/105\/revisions"}],"predecessor-version":[{"id":248,"href":"https:\/\/fundacionexe.org\/workshops\/culturlab17\/wp-json\/wp\/v2\/pages\/105\/revisions\/248"}],"wp:attachment":[{"href":"https:\/\/fundacionexe.org\/workshops\/culturlab17\/wp-json\/wp\/v2\/media?parent=105"}],"curies":[{"name":"wp","href":"https:\/\/api.w.org\/{rel}","templated":true}]}}