{"id":163,"date":"2017-06-06T22:20:43","date_gmt":"2017-06-06T21:20:43","guid":{"rendered":"http:\/\/fundacionexe.org\/workshops\/culturlab17\/?page_id=163"},"modified":"2017-06-06T22:25:36","modified_gmt":"2017-06-06T21:25:36","slug":"presentacion","status":"publish","type":"page","link":"https:\/\/fundacionexe.org\/workshops\/culturlab17\/presentacion\/","title":{"rendered":"Presentaci\u00f3n"},"content":{"rendered":"<p>Los medios audiovisuales ocupan un espacio central en las sociedades contempor\u00e1neas. Son herramientas imprescindibles en la construcci\u00f3n social de la realidad: producen informaci\u00f3n, cohesionan los grupos, difunden valores, h\u00e1bitos de consumo y patrones de conducta. Pero tambi\u00e9n conforman pol\u00edticamente las identidades colectivas. En los estados-naci\u00f3n, los <em>media<\/em> segregan referentes, s\u00edmbolos y relatos compartidos que asimilamos a diario, casi sin darnos cuenta. Por otra parte, las culturas minoritarias aspiran a dotarse de medios propios, generalmente p\u00fablicos, que articulen de manera satisfactoria la identidad particular, la diversidad interna i la apertura al mundo.<\/p>\n<p>El <em>workshop<\/em> pretende explorar este panorama, congregando expertos que expongan los desaf\u00edos y oportunidades de construir un sistema de radiotelevisi\u00f3n nuevo. Por lo tanto debatir\u00e1 sobre c\u00f3mo estos canales pueden ayudar a resolver el equilibrio entre tradici\u00f3n y modernidad, informaci\u00f3n y entretenimiento, protecci\u00f3n de la lengua propia y pluriling\u00fcismo&#8230; Se trata de comparar la respuesta que se ha encontrado en diversos \u00e1mbitos europeos, desde diferentes perspectivas (iniciativa pol\u00edtica, legislaci\u00f3n, recursos, estructura de las emisiones, selecci\u00f3n de contenidos, pol\u00edtica ling\u00fc\u00edstica). El an\u00e1lisis contrastivo y la reflexi\u00f3n derivada de este <em>workshop<\/em> pueden ser una referencia a tener en cuenta ahora que, en Valencia, se plantea igualmente el reto de poner en marcha un servicio p\u00fablico de medios multiplataforma (televisi\u00f3n, radio, internet), adecuado a las necesidades comunicativas de una sociedad tan compleja como la valenciana.<\/p>\n<p>El Workshop se celebrar\u00e1 los d\u00edas <strong>21 y 22 de septiembre<\/strong> en la Facultat de Filologia, Traducci\u00f3 i Comunicaci\u00f3 de la Universitat de Val\u00e8ncia.<\/p>\n","protected":false},"excerpt":{"rendered":"<p>Los medios audiovisuales ocupan un espacio central en las sociedades contempor\u00e1neas. Son herramientas imprescindibles en la construcci\u00f3n social de la realidad: producen informaci\u00f3n, cohesionan los grupos, difunden valores, h\u00e1bitos de consumo y patrones de conducta. Pero tambi\u00e9n conforman pol\u00edticamente las identidades colectivas. En los estados-naci\u00f3n, los media segregan referentes, s\u00edmbolos y relatos compartidos que asimilamos &hellip; <a href=\"https:\/\/fundacionexe.org\/workshops\/culturlab17\/presentacion\/\" class=\"more-link\">Continua la lectura de <span class=\"screen-reader-text\">Presentaci\u00f3n<\/span> <span class=\"meta-nav\">&rarr;<\/span><\/a><\/p>\n","protected":false},"author":3,"featured_media":0,"parent":0,"menu_order":0,"comment_status":"closed","ping_status":"closed","template":"","meta":{"footnotes":""},"class_list":["post-163","page","type-page","status-publish","hentry"],"_links":{"self":[{"href":"https:\/\/fundacionexe.org\/workshops\/culturlab17\/wp-json\/wp\/v2\/pages\/163","targetHints":{"allow":["GET"]}}],"collection":[{"href":"https:\/\/fundacionexe.org\/workshops\/culturlab17\/wp-json\/wp\/v2\/pages"}],"about":[{"href":"https:\/\/fundacionexe.org\/workshops\/culturlab17\/wp-json\/wp\/v2\/types\/page"}],"author":[{"embeddable":true,"href":"https:\/\/fundacionexe.org\/workshops\/culturlab17\/wp-json\/wp\/v2\/users\/3"}],"replies":[{"embeddable":true,"href":"https:\/\/fundacionexe.org\/workshops\/culturlab17\/wp-json\/wp\/v2\/comments?post=163"}],"version-history":[{"count":2,"href":"https:\/\/fundacionexe.org\/workshops\/culturlab17\/wp-json\/wp\/v2\/pages\/163\/revisions"}],"predecessor-version":[{"id":167,"href":"https:\/\/fundacionexe.org\/workshops\/culturlab17\/wp-json\/wp\/v2\/pages\/163\/revisions\/167"}],"wp:attachment":[{"href":"https:\/\/fundacionexe.org\/workshops\/culturlab17\/wp-json\/wp\/v2\/media?parent=163"}],"curies":[{"name":"wp","href":"https:\/\/api.w.org\/{rel}","templated":true}]}}