{"id":181,"date":"2017-06-06T22:34:13","date_gmt":"2017-06-06T21:34:13","guid":{"rendered":"http:\/\/fundacionexe.org\/workshops\/culturlab17\/?page_id=181"},"modified":"2017-06-27T11:27:30","modified_gmt":"2017-06-27T10:27:30","slug":"fechas-importantes","status":"publish","type":"page","link":"https:\/\/fundacionexe.org\/workshops\/culturlab17\/fechas-importantes\/","title":{"rendered":"Fechas importantes"},"content":{"rendered":"<ul>\n<li>Fecha l\u00edmite para la presentaci\u00f3n de propuestas de comunicaciones:<strong><span style=\"text-decoration: line-through\"> 30 de junio <\/span> 10 de julio de 2017 <\/strong><span style=\"color: red\"> AMPLIADO! <\/span><\/li>\n<li>Aceptaci\u00f3n de las comunicaciones para el Workshop: <strong> 20 de julio de 2017<\/strong><span style=\"color: red\"> NUEVA FECHA! <\/span><br \/>\nFecha l\u00edmite para el pago de la cuota: <strong>17 de septiembre de 2017<\/strong><\/li>\n<li>Fecha l\u00edmite para el env\u00edo de las comunicaciones escritas: <strong>17 de septiembre de 2017<\/strong><\/li>\n<li>Presentaci\u00f3n de las comunicaciones: <strong>21 y 22 de septiembre de 2017<\/strong><\/li>\n<li>Aceptaci\u00f3n de las comunicaciones para la publicaci\u00f3n: <strong>29 de septiembre de 2017<\/strong><\/li>\n<li>Fecha l\u00edmite del texto para la publicaci\u00f3n: <strong>31 de octubre<\/strong><\/li>\n<\/ul>\n","protected":false},"excerpt":{"rendered":"<p>Fecha l\u00edmite para la presentaci\u00f3n de propuestas de comunicaciones: 30 de junio 10 de julio de 2017 AMPLIADO! Aceptaci\u00f3n de las comunicaciones para el Workshop: 20 de julio de 2017 NUEVA FECHA! Fecha l\u00edmite para el pago de la cuota: 17 de septiembre de 2017 Fecha l\u00edmite para el env\u00edo de las comunicaciones escritas: 17 &hellip; <a href=\"https:\/\/fundacionexe.org\/workshops\/culturlab17\/fechas-importantes\/\" class=\"more-link\">Continua la lectura de <span class=\"screen-reader-text\">Fechas importantes<\/span> <span class=\"meta-nav\">&rarr;<\/span><\/a><\/p>\n","protected":false},"author":3,"featured_media":0,"parent":0,"menu_order":0,"comment_status":"closed","ping_status":"closed","template":"","meta":{"footnotes":""},"class_list":["post-181","page","type-page","status-publish","hentry"],"_links":{"self":[{"href":"https:\/\/fundacionexe.org\/workshops\/culturlab17\/wp-json\/wp\/v2\/pages\/181","targetHints":{"allow":["GET"]}}],"collection":[{"href":"https:\/\/fundacionexe.org\/workshops\/culturlab17\/wp-json\/wp\/v2\/pages"}],"about":[{"href":"https:\/\/fundacionexe.org\/workshops\/culturlab17\/wp-json\/wp\/v2\/types\/page"}],"author":[{"embeddable":true,"href":"https:\/\/fundacionexe.org\/workshops\/culturlab17\/wp-json\/wp\/v2\/users\/3"}],"replies":[{"embeddable":true,"href":"https:\/\/fundacionexe.org\/workshops\/culturlab17\/wp-json\/wp\/v2\/comments?post=181"}],"version-history":[{"count":4,"href":"https:\/\/fundacionexe.org\/workshops\/culturlab17\/wp-json\/wp\/v2\/pages\/181\/revisions"}],"predecessor-version":[{"id":221,"href":"https:\/\/fundacionexe.org\/workshops\/culturlab17\/wp-json\/wp\/v2\/pages\/181\/revisions\/221"}],"wp:attachment":[{"href":"https:\/\/fundacionexe.org\/workshops\/culturlab17\/wp-json\/wp\/v2\/media?parent=181"}],"curies":[{"name":"wp","href":"https:\/\/api.w.org\/{rel}","templated":true}]}}