{"id":83,"date":"2018-09-20T18:10:54","date_gmt":"2018-09-20T16:10:54","guid":{"rendered":"http:\/\/fundacionexe.org\/workshops\/culturlab18\/?page_id=83"},"modified":"2018-09-20T18:10:54","modified_gmt":"2018-09-20T16:10:54","slug":"comite-cientific-i-organitzador","status":"publish","type":"page","link":"https:\/\/fundacionexe.org\/workshops\/culturlab18\/comite-cientific-i-organitzador\/","title":{"rendered":"Comit\u00e9 cient\u00edfic i organitzador"},"content":{"rendered":"<ul class=\"wp-block-list\">\n\t<li><strong>Anselm Bodoque<\/strong>, professor associat del Departament de Dret Constitucional, Ci\u00e8ncia Pol\u00edtica i de l\u2019Administraci\u00f3 (UV)<\/li>\n\t<li><strong>Raquel Casesnoves<\/strong>, ajudanta doctor del departament de Filologia Catalana (UV)<\/li>\n\t<li><strong>Rafael Castell\u00f3<\/strong>, professor titular del Departament de Sociologia i Antropologia Social (UV)<\/li>\n\t<li><strong>Vicent Climent-Ferrando<\/strong>, investigador del Departament de Traducci\u00f3 i Ci\u00e8ncies del Llenguatge (UPF)<\/li>\n\t<li><strong>Francesc J. Hern\u00e0ndez<\/strong>, professor del Departament de Sociologia i Antropologia Social (UV)<\/li>\n\t<li><strong>Josep \u00c0ngel Mas<\/strong>, professor contractat doctor del Departament de Ling\u00fc\u00edstica Aplicada (UPV)<\/li>\n\t<li><strong>Laia Mas<\/strong>, directora de projectes de l\u2019ACV Tirant lo Blanc i la Fundaci\u00f3 Nexe.<\/li>\n\t<li><strong>Miquel Nicol\u00e0s<\/strong>, professor titular del Departament de Filologia Catalana (UV)<\/li>\n\t<li><strong>Susanna Pardines<\/strong>, t\u00e8cnica ling\u00fc\u00edstica de l\u2019AVL i coordinadora del Lab d\u2019Identitat i cultura de la Fundaci\u00f3 Nexe<\/li>\n\t<li><strong>\u00c0lvar Peris<\/strong>, professor associat del Departament de Teoria dels Llenguatges i Ci\u00e8ncies de la Comunicaci\u00f3, \u00c0rea de Comunicaci\u00f3 Audiovisual i Publicitat (UV)<\/li>\n\t<li><strong>Miquel \u00c0ngel Pradilla<\/strong>, professor titular del Departament de Filologia Catalana )URV)<\/li>\n\t<li><strong>Francesc Roig<\/strong>, t\u00e8cnic de projectes de la Fundaci\u00f3 Nexe<\/li>\n\t<li><strong>Elies Segu\u00ed<\/strong>, professor contractat doctor del Departament d\u2019Economia i Ci\u00e8ncies Socials (UPV) i director acad\u00e8mic de la Fundaci\u00f3 Nexe<\/li>\n\t<li><strong>Vicenta Tasa<\/strong>, professora associada del Departament de Dret Constitucional, Ci\u00e8ncia Pol\u00edtica i de l\u2019Administraci\u00f3 (UV)<\/li>\n<\/ul>","protected":false},"excerpt":{"rendered":"<p>Anselm Bodoque, professor associat del Departament de Dret Constitucional, Ci\u00e8ncia Pol\u00edtica i de l\u2019Administraci\u00f3 (UV) Raquel Casesnoves, ajudanta doctor del departament de Filologia Catalana (UV) Rafael Castell\u00f3, professor titular del Departament de Sociologia i Antropologia Social (UV) Vicent Climent-Ferrando, investigador del Departament de Traducci\u00f3 i Ci\u00e8ncies del Llenguatge (UPF) Francesc J. Hern\u00e0ndez, professor del Departament &hellip; <a href=\"https:\/\/fundacionexe.org\/workshops\/culturlab18\/comite-cientific-i-organitzador\/\" class=\"more-link\">Continua la lectura de <span class=\"screen-reader-text\">Comit\u00e9 cient\u00edfic i organitzador<\/span> <span class=\"meta-nav\">&rarr;<\/span><\/a><\/p>\n","protected":false},"author":3,"featured_media":0,"parent":0,"menu_order":0,"comment_status":"closed","ping_status":"closed","template":"","meta":{"footnotes":""},"class_list":["post-83","page","type-page","status-publish","hentry"],"_links":{"self":[{"href":"https:\/\/fundacionexe.org\/workshops\/culturlab18\/wp-json\/wp\/v2\/pages\/83","targetHints":{"allow":["GET"]}}],"collection":[{"href":"https:\/\/fundacionexe.org\/workshops\/culturlab18\/wp-json\/wp\/v2\/pages"}],"about":[{"href":"https:\/\/fundacionexe.org\/workshops\/culturlab18\/wp-json\/wp\/v2\/types\/page"}],"author":[{"embeddable":true,"href":"https:\/\/fundacionexe.org\/workshops\/culturlab18\/wp-json\/wp\/v2\/users\/3"}],"replies":[{"embeddable":true,"href":"https:\/\/fundacionexe.org\/workshops\/culturlab18\/wp-json\/wp\/v2\/comments?post=83"}],"version-history":[{"count":2,"href":"https:\/\/fundacionexe.org\/workshops\/culturlab18\/wp-json\/wp\/v2\/pages\/83\/revisions"}],"predecessor-version":[{"id":87,"href":"https:\/\/fundacionexe.org\/workshops\/culturlab18\/wp-json\/wp\/v2\/pages\/83\/revisions\/87"}],"wp:attachment":[{"href":"https:\/\/fundacionexe.org\/workshops\/culturlab18\/wp-json\/wp\/v2\/media?parent=83"}],"curies":[{"name":"wp","href":"https:\/\/api.w.org\/{rel}","templated":true}]}}