{"id":30,"date":"2017-04-26T14:48:07","date_gmt":"2017-04-26T14:48:07","guid":{"rendered":"http:\/\/fundacionexe.org\/workshops\/demolab17\/?page_id=30"},"modified":"2017-06-12T17:00:44","modified_gmt":"2017-06-12T17:00:44","slug":"comite-cientific-i-organitzador","status":"publish","type":"page","link":"https:\/\/fundacionexe.org\/workshops\/demolab17\/comite-cientific-i-organitzador\/","title":{"rendered":"Comit\u00e9 Organitzador i Cient\u00edfic"},"content":{"rendered":"<h6>Comit\u00e9 Organitzador<\/h6>\n<ul>\n<li><strong>Oscar Barber\u00e0<\/strong>, professor contractat doctor de Ci\u00e8ncia Pol\u00edtica i de l\u2019Administraci\u00f3 (UV).<\/li>\n<li><strong>Neus Bonn\u00edn, llicenciada en Ci\u00e8ncies Pol\u00edtiques i de l\u2019Administraci\u00f3 (UAB).<\/strong><\/li>\n<li><strong>Vicent Herrero<\/strong>, diplomat en Relacions Laborals i llicenciat en Ci\u00e8ncies Pol\u00edtiques i de l\u2019Administraci\u00f3 (UV).<\/li>\n<\/ul>\n<h6>Comit\u00e9 Cient\u00edfic<\/h6>\n<ul>\n<li><strong>Marina Aparicio, membre del Lab de democr\u00e0cia i participaci\u00f3 de la Fundaci\u00f3 Nexe i llicenciada en Ci\u00e8ncies Pol\u00edtiques (UPF).<\/strong><\/li>\n<li><strong>Oscar Barber\u00e0<\/strong>, professor contractat doctor de Ci\u00e8ncia Pol\u00edtica i de l\u2019Administraci\u00f3 (UV).<\/li>\n<li><strong>Marian Campello<\/strong>, diputada a les Corts Valencianes.<\/li>\n<li><strong>Francesc Gamero<\/strong>, membre del Lab de democr\u00e0cia i participaci\u00f3 de la Fundaci\u00f3 Nexe i llicenciat en dret (UV) i ci\u00e8ncies pol\u00edtiques (UOC).<\/li>\n<li><strong>Vicent Herrero<\/strong>, diplomat en Relacions Laborals i llicenciat en Ci\u00e8ncies Pol\u00edtiques i de l\u2019Administraci\u00f3 (UV).<\/li>\n<li><strong>Joan Alfred Mart\u00ednez, professor de Filosofia del Dret (UV).<\/strong><\/li>\n<li><strong>Laia Mas, <\/strong>directora de projectes de l\u2019ACV Tirant lo Blanc i la Fundaci\u00f3 Nexe.<\/li>\n<li><strong>Amadeu Mezquida, <\/strong>Secretari General de l\u2019ACV Tirant lo Blanc i de la Fundaci\u00f3 Nexe, assessor de govern a l\u2019Ajuntament de Val\u00e8ncia i llicenciat en Ci\u00e8ncies Pol\u00edtiques (UV).<\/li>\n<li><strong>\u00c0gueda Mic\u00f3<\/strong>, professora associada de Dret i Ci\u00e8ncies Pol\u00edtiques (UV).<\/li>\n<li><strong>Elies Segu\u00ed<\/strong>, professor contractat doctor del Departament d\u2019Economia i Ci\u00e8ncies Socials (UPV) i coordinador acad\u00e8mic de la Fundaci\u00f3 Nexe.<\/li>\n<li><strong>Carlos Villodres<\/strong>, assessor a les Corts Valencianes i llicenciat en Ci\u00e8ncies Pol\u00edtiques (UV).<\/li>\n<\/ul>\n<p><strong>\u00a0<\/strong><\/p>\n","protected":false},"excerpt":{"rendered":"<p>Comit\u00e9 Organitzador Oscar Barber\u00e0, professor contractat doctor de Ci\u00e8ncia Pol\u00edtica i de l\u2019Administraci\u00f3 (UV). Neus Bonn\u00edn, llicenciada en Ci\u00e8ncies Pol\u00edtiques i de l\u2019Administraci\u00f3 (UAB). Vicent Herrero, diplomat en Relacions Laborals i llicenciat en Ci\u00e8ncies Pol\u00edtiques i de l\u2019Administraci\u00f3 (UV). Comit\u00e9 Cient\u00edfic Marina Aparicio, membre del Lab de democr\u00e0cia i participaci\u00f3 de la Fundaci\u00f3 Nexe i &hellip; <a href=\"https:\/\/fundacionexe.org\/workshops\/demolab17\/comite-cientific-i-organitzador\/\" class=\"more-link\">Continua la lectura de <span class=\"screen-reader-text\">Comit\u00e9 Organitzador i Cient\u00edfic<\/span> <span class=\"meta-nav\">&rarr;<\/span><\/a><\/p>\n","protected":false},"author":1,"featured_media":0,"parent":0,"menu_order":0,"comment_status":"closed","ping_status":"closed","template":"","meta":{"footnotes":""},"class_list":["post-30","page","type-page","status-publish","hentry"],"_links":{"self":[{"href":"https:\/\/fundacionexe.org\/workshops\/demolab17\/wp-json\/wp\/v2\/pages\/30","targetHints":{"allow":["GET"]}}],"collection":[{"href":"https:\/\/fundacionexe.org\/workshops\/demolab17\/wp-json\/wp\/v2\/pages"}],"about":[{"href":"https:\/\/fundacionexe.org\/workshops\/demolab17\/wp-json\/wp\/v2\/types\/page"}],"author":[{"embeddable":true,"href":"https:\/\/fundacionexe.org\/workshops\/demolab17\/wp-json\/wp\/v2\/users\/1"}],"replies":[{"embeddable":true,"href":"https:\/\/fundacionexe.org\/workshops\/demolab17\/wp-json\/wp\/v2\/comments?post=30"}],"version-history":[{"count":5,"href":"https:\/\/fundacionexe.org\/workshops\/demolab17\/wp-json\/wp\/v2\/pages\/30\/revisions"}],"predecessor-version":[{"id":99,"href":"https:\/\/fundacionexe.org\/workshops\/demolab17\/wp-json\/wp\/v2\/pages\/30\/revisions\/99"}],"wp:attachment":[{"href":"https:\/\/fundacionexe.org\/workshops\/demolab17\/wp-json\/wp\/v2\/media?parent=30"}],"curies":[{"name":"wp","href":"https:\/\/api.w.org\/{rel}","templated":true}]}}

Comité Organitzador i Científic

<h6>Comité Organitzador</h6>
<ul>
<li><strong>Oscar Barberà</strong>, professor contractat doctor de Ciència Política i de l’Administració (UV).</li>
<li><strong>Neus Bonnín, llicenciada en Ciències Polítiques i de l’Administració (UAB).</strong></li>
<li><strong>Vicent Herrero</strong>, diplomat en Relacions Laborals i llicenciat en Ciències Polítiques i de l’Administració (UV).</li>
</ul>
<h6>Comité Científic</h6>
<ul>
<li><strong>Marina Aparicio, membre del Lab de democràcia i participació de la Fundació Nexe i llicenciada en Ciències Polítiques (UPF).</strong></li>
<li><strong>Oscar Barberà</strong>, professor contractat doctor de Ciència Política i de l’Administració (UV).</li>
<li><strong>Marian Campello</strong>, diputada a les Corts Valencianes.</li>
<li><strong>Francesc Gamero</strong>, membre del Lab de democràcia i participació de la Fundació Nexe i llicenciat en dret (UV) i ciències polítiques (UOC).</li>
<li><strong>Vicent Herrero</strong>, diplomat en Relacions Laborals i llicenciat en Ciències Polítiques i de l’Administració (UV).</li>
<li><strong>Joan Alfred Martínez, professor de Filosofia del Dret (UV).</strong></li>
<li><strong>Laia Mas, </strong>directora de projectes de l’ACV Tirant lo Blanc i la Fundació Nexe.</li>
<li><strong>Amadeu Mezquida, </strong>Secretari General de l’ACV Tirant lo Blanc i de la Fundació Nexe, assessor de govern a l’Ajuntament de València i llicenciat en Ciències Polítiques (UV).</li>
<li><strong>Àgueda Micó</strong>, professora associada de Dret i Ciències Polítiques (UV).</li>
<li><strong>Elies Seguí</strong>, professor contractat doctor del Departament d’Economia i Ciències Socials (UPV) i coordinador acadèmic de la Fundació Nexe.</li>
<li><strong>Carlos Villodres</strong>, assessor a les Corts Valencianes i llicenciat en Ciències Polítiques (UV).</li>
</ul>
<p><strong> </strong></p>

<p>Comité Organitzador Oscar Barberà, professor contractat doctor de Ciència Política i de l’Administració (UV). Neus Bonnín, llicenciada en Ciències Polítiques i de l’Administració (UAB). Vicent Herrero, diplomat en Relacions Laborals i llicenciat en Ciències Polítiques i de l’Administració (UV). Comité Científic Marina Aparicio, membre del Lab de democràcia i participació de la Fundació Nexe i &hellip; <a href="https://fundacionexe.org/workshops/demolab17/comite-cientific-i-organitzador/" class="more-link">Continua la lectura de <span class="screen-reader-text">Comité Organitzador i Científic</span> <span class="meta-nav">&rarr;</span></a></p>
