{"id":66,"date":"2018-05-04T11:17:40","date_gmt":"2018-05-04T09:17:40","guid":{"rendered":"http:\/\/fundacionexe.org\/workshops\/demolab18\/?page_id=66"},"modified":"2018-05-14T09:51:24","modified_gmt":"2018-05-14T07:51:24","slug":"presenta","status":"publish","type":"page","link":"https:\/\/fundacionexe.org\/workshops\/demolab18\/presenta\/","title":{"rendered":"Presentaci\u00f3"},"content":{"rendered":"<p><em>Arriba la tercera edici\u00f3 del Workshop de Democr\u00e0cia i Participaci\u00f3!<\/em><\/p>\n<p><strong>REFORMES CONSTITUCIONALS I MINORIES NACIONALS<\/strong><\/p>\n<p>El workshop pret\u00e9n aconseguir dos objectius. En primer lloc, vol posar de manifest com les demandes per a un major reconeixement territorial dins dels respectius Estats s\u00f3n un fenomen corrent en bona part d\u2019Europa, comptant amb ponents de diversos pa\u00efsos. En segon lloc, es vol utilitzar la recent proposta del Consell com un punt de partida per a debatre amb experts i representants d&#8217;altres partits pol\u00edtics valencians i espanyols les claus d\u2019una futura reforma constitucional.<\/p>\n","protected":false},"excerpt":{"rendered":"<p>Arriba la tercera edici\u00f3 del Workshop de Democr\u00e0cia i Participaci\u00f3! REFORMES CONSTITUCIONALS I MINORIES NACIONALS El workshop pret\u00e9n aconseguir dos objectius. En primer lloc, vol posar de manifest com les demandes per a un major reconeixement territorial dins dels respectius Estats s\u00f3n un fenomen corrent en bona part d\u2019Europa, comptant amb ponents de diversos pa\u00efsos. &hellip; <a href=\"https:\/\/fundacionexe.org\/workshops\/demolab18\/presenta\/\" class=\"more-link\">Continua la lectura de <span class=\"screen-reader-text\">Presentaci\u00f3<\/span> <span class=\"meta-nav\">&rarr;<\/span><\/a><\/p>\n","protected":false},"author":1,"featured_media":0,"parent":0,"menu_order":0,"comment_status":"closed","ping_status":"closed","template":"","meta":{"footnotes":""},"class_list":["post-66","page","type-page","status-publish","hentry"],"_links":{"self":[{"href":"https:\/\/fundacionexe.org\/workshops\/demolab18\/wp-json\/wp\/v2\/pages\/66","targetHints":{"allow":["GET"]}}],"collection":[{"href":"https:\/\/fundacionexe.org\/workshops\/demolab18\/wp-json\/wp\/v2\/pages"}],"about":[{"href":"https:\/\/fundacionexe.org\/workshops\/demolab18\/wp-json\/wp\/v2\/types\/page"}],"author":[{"embeddable":true,"href":"https:\/\/fundacionexe.org\/workshops\/demolab18\/wp-json\/wp\/v2\/users\/1"}],"replies":[{"embeddable":true,"href":"https:\/\/fundacionexe.org\/workshops\/demolab18\/wp-json\/wp\/v2\/comments?post=66"}],"version-history":[{"count":3,"href":"https:\/\/fundacionexe.org\/workshops\/demolab18\/wp-json\/wp\/v2\/pages\/66\/revisions"}],"predecessor-version":[{"id":75,"href":"https:\/\/fundacionexe.org\/workshops\/demolab18\/wp-json\/wp\/v2\/pages\/66\/revisions\/75"}],"wp:attachment":[{"href":"https:\/\/fundacionexe.org\/workshops\/demolab18\/wp-json\/wp\/v2\/media?parent=66"}],"curies":[{"name":"wp","href":"https:\/\/api.w.org\/{rel}","templated":true}]}}

Presentació

<p><em>Arriba la tercera edició del Workshop de Democràcia i Participació!</em></p>
<p><strong>REFORMES CONSTITUCIONALS I MINORIES NACIONALS</strong></p>
<p>El workshop pretén aconseguir dos objectius. En primer lloc, vol posar de manifest com les demandes per a un major reconeixement territorial dins dels respectius Estats són un fenomen corrent en bona part d’Europa, comptant amb ponents de diversos països. En segon lloc, es vol utilitzar la recent proposta del Consell com un punt de partida per a debatre amb experts i representants d&#8217;altres partits polítics valencians i espanyols les claus d’una futura reforma constitucional.</p>

<p>Arriba la tercera edició del Workshop de Democràcia i Participació! REFORMES CONSTITUCIONALS I MINORIES NACIONALS El workshop pretén aconseguir dos objectius. En primer lloc, vol posar de manifest com les demandes per a un major reconeixement territorial dins dels respectius Estats són un fenomen corrent en bona part d’Europa, comptant amb ponents de diversos països. &hellip; <a href="https://fundacionexe.org/workshops/demolab18/presenta/" class="more-link">Continua la lectura de <span class="screen-reader-text">Presentació</span> <span class="meta-nav">&rarr;</span></a></p>
