{"id":64,"date":"2019-05-13T12:29:35","date_gmt":"2019-05-13T10:29:35","guid":{"rendered":"http:\/\/fundacionexe.org\/workshops\/demolab19\/?page_id=64"},"modified":"2019-05-13T12:29:35","modified_gmt":"2019-05-13T10:29:35","slug":"concurs-dassaigs","status":"publish","type":"page","link":"https:\/\/fundacionexe.org\/workshops\/demolab19\/concurs-dassaigs\/","title":{"rendered":"Concurs d&#8217;assaigs"},"content":{"rendered":"<p><strong>\ufeffCONCURS D\u2019ASSAIGS SOBRE \u201cLA NOVA DRETA RADICAL AL SUD D\u2019EUROPA\u201d<\/strong><\/p><p><strong>Qui pot participar?\u00a0<\/strong><\/p><ul class=\"wp-block-list\">\n\t<li>Investigadors en l\u2019\u00e0mbit de les Ci\u00e8ncies Pol\u00edtiques i Socials<\/li>\n\t<li>Estudiants universitaris\u00a0<\/li>\n\t<li>Tot el p\u00fablic interessat!<\/li>\n<\/ul><p><strong>Quan acaba el termini per a presentar propostes?<\/strong><\/p><p>Totes aquelles persones interessades a participar en aquest concurs podran enviar el seu assaig fins el dia\u00a0<strong> 27 de maig de 2019 a les 12PM.<\/strong><\/p><p><strong>Com s\u2019han de presentar les propostes?<\/strong><\/p><p>Cal enviar l\u2019assagi a <a href=\"mailto:nexe@fundacionexe.org\">nexe@fundacionexe.org<\/a> amb l\u2019assumpte \u201cConcurs d\u2019Assaig IV WDP\u201d. En aquest s\u2019ha d\u2019especificar:<\/p><ul class=\"wp-block-list\">\n\t<li>Nom i cognoms<\/li>\n\t<li>E-mail<\/li>\n\t<li>Tel\u00e8fon de contacte<\/li>\n<\/ul><p><strong>Quina extensi\u00f3 i fins quan es podran presentar les comunicacions escrites?\u00a0<\/strong><\/p><p>Els assaigs no podran tenir m\u00e9s de <strong>2.500 paraules<\/strong> i s\u2019han de redactar en <strong>valenci\u00e0.\ufeff<\/strong><\/p><p><strong>Quan es faran p\u00fablics els <\/strong><strong>10 finalistes<\/strong><strong> que podran presentar els treballs el dia del workshop?\u00a0<\/strong><\/p><p>El Comit\u00e9 cient\u00edfic valorar\u00e0 les propostes presentades atenent a l\u2019adequaci\u00f3 i l\u2019inter\u00e9s d\u2019aquestes en relaci\u00f3 a la tem\u00e0tica del workshop. Un dels criteris de selecci\u00f3 dels participants, a banda del contingut, ser\u00e0 que hi haja equilibri de g\u00e8nere.<\/p><p>L&#8217;organitzaci\u00f3 far\u00e0 p\u00fablics els finalistes el dia<strong> 29 de maig de 2017 \u00a0<\/strong><\/p><p><strong>Quan es presentaran els assaigs seleccionats?\u00a0<\/strong><\/p><p>La presentaci\u00f3 ser\u00e0 el dia <strong>30 de maig<\/strong> a partir de les 19\u201930 hores al Centre Octubre.<\/p><p>Les presentacions seran en <strong>valenci\u00e0<\/strong> i tindran una <strong>durada m\u00e0xima de 5 minuts<\/strong>. La pon\u00e8ncia pot anar acompanyada de la projecci\u00f3 d\u2019una presentaci\u00f3. En aquest cas, recomanem que aquesta no tinga m\u00e9s de 6 diapositives.\u00a0<\/p><p><strong>Totes les persones finalistes rebran un certificat de la seva participaci\u00f3 en el Workshop.<\/strong><\/p><p><strong>Reconeixement als millors assaigs:<\/strong><strong> Els tres millors assaigs seran publicats en la web de la Fundaci\u00f3 Nexe i rebran un lot amb diverses publicacions de la Fundaci\u00f3 Nexe.<\/strong><\/p><p><strong>Cal pagar per a assistir?<\/strong><\/p><p>L\u2019assist\u00e8ncia \u00e9s gratu\u00efta per\u00f2 per assegurar disponibilitat de places es prega inscriure\u2019s <a href=\"https:\/\/docs.google.com\/forms\/d\/e\/1FAIpQLSdGhptDAAAviqGGPYkBqHBILx8IXknrbpBrGTPQyU5Z6bVH8A\/viewform\">ac\u00ed.\u00a0\ufeff<\/a><\/p><p><strong>I si vull un certificat?\ufeff<\/strong><\/p><p>Totes aquelles persones que assisteixin a les sessions <strong>ho hauran de fer constar en la inscripci\u00f3 pr\u00e8via<\/strong>. \u00a0<\/p>","protected":false},"excerpt":{"rendered":"<p>\ufeffCONCURS D\u2019ASSAIGS SOBRE \u201cLA NOVA DRETA RADICAL AL SUD D\u2019EUROPA\u201d Qui pot participar?\u00a0 Investigadors en l\u2019\u00e0mbit de les Ci\u00e8ncies Pol\u00edtiques i Socials Estudiants universitaris\u00a0 Tot el p\u00fablic interessat! Quan acaba el termini per a presentar propostes? Totes aquelles persones interessades a participar en aquest concurs podran enviar el seu assaig fins el dia\u00a0 27 de &hellip; <a href=\"https:\/\/fundacionexe.org\/workshops\/demolab19\/concurs-dassaigs\/\" class=\"more-link\">Continua la lectura de <span class=\"screen-reader-text\">Concurs d&#8217;assaigs<\/span> <span class=\"meta-nav\">&rarr;<\/span><\/a><\/p>\n","protected":false},"author":2,"featured_media":0,"parent":0,"menu_order":0,"comment_status":"closed","ping_status":"closed","template":"","meta":{"footnotes":""},"class_list":["post-64","page","type-page","status-publish","hentry"],"_links":{"self":[{"href":"https:\/\/fundacionexe.org\/workshops\/demolab19\/wp-json\/wp\/v2\/pages\/64","targetHints":{"allow":["GET"]}}],"collection":[{"href":"https:\/\/fundacionexe.org\/workshops\/demolab19\/wp-json\/wp\/v2\/pages"}],"about":[{"href":"https:\/\/fundacionexe.org\/workshops\/demolab19\/wp-json\/wp\/v2\/types\/page"}],"author":[{"embeddable":true,"href":"https:\/\/fundacionexe.org\/workshops\/demolab19\/wp-json\/wp\/v2\/users\/2"}],"replies":[{"embeddable":true,"href":"https:\/\/fundacionexe.org\/workshops\/demolab19\/wp-json\/wp\/v2\/comments?post=64"}],"version-history":[{"count":1,"href":"https:\/\/fundacionexe.org\/workshops\/demolab19\/wp-json\/wp\/v2\/pages\/64\/revisions"}],"predecessor-version":[{"id":66,"href":"https:\/\/fundacionexe.org\/workshops\/demolab19\/wp-json\/wp\/v2\/pages\/64\/revisions\/66"}],"wp:attachment":[{"href":"https:\/\/fundacionexe.org\/workshops\/demolab19\/wp-json\/wp\/v2\/media?parent=64"}],"curies":[{"name":"wp","href":"https:\/\/api.w.org\/{rel}","templated":true}]}}