{"id":17,"date":"2017-07-12T00:58:52","date_gmt":"2017-07-11T23:58:52","guid":{"rendered":"http:\/\/fundacionexe.org\/workshops\/econval17\/?page_id=17"},"modified":"2017-10-19T23:15:05","modified_gmt":"2017-10-19T22:15:05","slug":"programa","status":"publish","type":"page","link":"https:\/\/fundacionexe.org\/workshops\/econval17\/programa\/","title":{"rendered":"Programa"},"content":{"rendered":"<h3><strong>Divendres, 20 Octubre de 2017<\/strong><\/h3>\n<p><strong>09:00 \u2013 09:30 h. Registre i recollida de documentaci\u00f3<\/strong><br \/>\n<em>2a planta de la FCJE<\/em><\/p>\n<p><strong>9:30 \u2013 10:00 h. Benvinguda del Workshop<\/strong><br \/>\n<em>Sala de Graus de la FCJE, 2a planta<\/em><strong><br \/>\n<\/strong><strong>Miguel Gin\u00e9s<\/strong> i <strong>Elies Segu\u00ed<\/strong>, presidents del Comit\u00e9 Organitzador<\/p>\n<p><strong>10:00 \u2013 11:30 h. Taula redona sobre cl\u00fasters i innovaci\u00f3 <\/strong><\/p>\n<p><em>Sala de Graus de la FCJE, 2a planta<\/em><\/p>\n<p>Participants:<\/p>\n<ul>\n<li><strong>Gl\u00f2ria Prats<\/strong>, cap del programa Catalunya Clusters d&#8217;ACCIO<\/li>\n<li><strong>Tom\u00e1s Iriondo<\/strong>, director general cl\u00faster GAIA (Pa\u00edsc Basc)<\/li>\n<li><strong>Francisco Mas<\/strong>, professor titular d\u2019Economia de la UPV<\/li>\n<li><strong> Xavier Molina<\/strong>, catedr\u00e0tic d\u2019Administraci\u00f3 d\u2019Empreses de la UJI<\/li>\n<\/ul>\n<p>Modera: <strong>\u00c1ngel Calvo<\/strong> (periodista de El Peri\u00f3dico Mediterr\u00e1neo)<\/p>\n<p><strong><br \/>\n11:30 \u2013 12:00 h. Pausa-caf\u00e8<\/strong><br \/>\n<em>2a planta de la FCJE<\/em><\/p>\n<p><strong>12:00 \u2013 13:30 h. Taula redona sobre economia del b\u00e9 com\u00fa (EBC)<\/strong><\/p>\n<p><em>Sala de Graus de la FCJE, 2a planta<\/em><\/p>\n<p>Participants:<\/p>\n<ul>\n<li><strong>F\u00e9lix Segarra<\/strong>, gerent de Cuinatur<\/li>\n<li><strong>Rafael Pallar\u00e9s<\/strong>, gerent Hotel Voramar<\/li>\n<li><strong>Francesc Al\u00f3s<\/strong>, relacions institucionals i responsabilitat social empresarial de Caixa Popular<\/li>\n<\/ul>\n<p>Modera: <strong>Violeta Tena<\/strong> (periodista de El Temps)<\/p>\n<p><strong>13:30 \u2013 14:00 h. Inauguraci\u00f3 del Workshop<\/strong><br \/>\n<em>Sala de Graus de la FCJE, 2a planta<\/em><\/p>\n<ul>\n<li><strong>Miguel Gin\u00e9s<\/strong>, president del Comit\u00e9 Organitzador<\/li>\n<li><strong>Amparo Marco<\/strong>, alcaldessa de Castell\u00f3<\/li>\n<li><strong>Vicent Climent<\/strong>, rector de la Universitat Jaume I<\/li>\n<li><strong>Francisco \u00c1lvarez<\/strong>, director general d\u2019Economia, Emprenedoria i Cooperativisme<\/li>\n<\/ul>\n<p><strong>14:00 \u2013 15:30 h. Dinar<\/strong><br \/>\n<em>Restaurant\u00a0\u00c0gora (nom\u00e9s amb inscripci\u00f3)<\/em><\/p>\n<p><strong>16:00 \u2013 17:30 h. Sessi\u00f3 de Comunicacions I<\/strong><br \/>\n<em>Sala de Graus \/ Aules annexes (2a planta de la FCJE)<\/em><\/p>\n<table width=\"100%\">\n<tbody>\n<tr>\n<td width=\"100%\">SESSIO 1A<\/td>\n<\/tr>\n<tr>\n<td width=\"100%\"><\/td>\n<\/tr>\n<tr>\n<td width=\"100%\"><strong>Garrigues Ortol\u00e1, C., Puig Blanco, F.<\/strong><\/td>\n<\/tr>\n<tr>\n<td width=\"100%\">La innovaci\u00f3n en la industria textil valenciana: un baile descoordinado entre sus empresas y el territorio<\/td>\n<\/tr>\n<tr>\n<td width=\"100%\"><\/td>\n<\/tr>\n<tr>\n<td width=\"100%\"><strong>Belso-Mart\u00ednez, J.A.; Molina-Morales, F.X.<\/strong><\/td>\n<\/tr>\n<tr>\n<td width=\"100%\">On network dynamics and innovation policies in clusters. Assortativity and behaviuoral effects<\/td>\n<\/tr>\n<tr>\n<td width=\"100%\"><\/td>\n<\/tr>\n<tr>\n<td width=\"100%\"><strong>\u00a0<\/strong><strong>Tom\u00e1s-Miquel, J.V.; Molina-Morales, F.X.; Exp\u00f3sito-Langa, M.<\/strong><\/td>\n<\/tr>\n<tr>\n<td width=\"100%\">The influence of absortive capacity and interorganizaitonal linkages on incremental innovation. An analysis in the Valencian textile cluster<\/td>\n<\/tr>\n<tr>\n<td width=\"100%\"><\/td>\n<\/tr>\n<tr>\n<td width=\"100%\">SESSI\u00d3 1B<\/td>\n<\/tr>\n<tr>\n<td width=\"100%\"><\/td>\n<\/tr>\n<tr>\n<td width=\"100%\"><strong>Munar Ara, A.<\/strong><\/td>\n<\/tr>\n<tr>\n<td width=\"100%\">Inversi\u00f3n en capital humano y el cambio de modelo productvo: estudio comparativo de los casos de Corea del Sur y Espa\u00f1a<\/td>\n<\/tr>\n<tr>\n<td width=\"100%\"><\/td>\n<\/tr>\n<tr>\n<td width=\"100%\"><strong>Segu\u00ed-Mas, E.; Jim\u00e9nez-Arribas. I.; Tormo-Carb\u00f3, G.; Sarr\u00f3n-Vi\u00f1es, F.<\/strong><\/td>\n<\/tr>\n<tr>\n<td width=\"100%\">La percepci\u00f3 dels ecosistemes emprenedors per part dels emprenedors socials: an\u00e0lisis del cas Socialnest<\/td>\n<\/tr>\n<tr>\n<td width=\"100%\"><\/td>\n<\/tr>\n<tr>\n<td width=\"100%\"><strong>Molina-Morales, F.X.; De Marchi, V.; Mart\u00ednez-Ch\u00e1fer, L.; Valiente-Bordanova, D. <\/strong><\/td>\n<\/tr>\n<tr>\n<td width=\"100%\">How disruptive innovations are performed in industrial clusters: a comparison between the Italian Montebelluna sport system and the Spanish ceramic tile industries<\/td>\n<\/tr>\n<\/tbody>\n<\/table>\n<p><strong>17:30 \u2013 18:00 h. Pausa-caf\u00e8<\/strong><br \/>\n<em>2a planta de la FCJE<\/em><strong>\u00a0<\/strong><\/p>\n<p><strong>18:00 \u2013 20:00 h. Taula redona sobre pr\u00e0ctiques empresarials d\u2019\u00e8xit per a un nou model productiu<\/strong><br \/>\n<em>Sala de Graus de la FCJE, 2a planta<\/em><\/p>\n<p>Participants:<\/p>\n<ul>\n<li><strong>Joan Domingo T\u00e0rrega<\/strong>, celler Mas de Rander<\/li>\n<li><strong>Miguel Mart\u00ed Noguera<\/strong>, director financer Porcel\u00e1nicos HDC<\/li>\n<li><strong>Gerardo Mu\u00f1oz<\/strong>, responsable de l&#8217;\u00e0rea de negoci de Ruralnostra<\/li>\n<li><strong>Juan Carlos Leiva, <\/strong>director t\u00e8cnic de Evolutia<\/li>\n<\/ul>\n<p>Modera: <strong>Berta Ribes<\/strong> (periodista de El Mundo)<\/p>\n<h2><strong>Dissabte, 21 Octubre de 2017<\/strong><\/h2>\n<p><strong>10:00 \u2013 11:30 h. Sessi\u00f3 de Comunicacions II<\/strong><br \/>\n<em>Sala de Graus \/ Aules annexes (2a planta de la FCJE)<\/em><\/p>\n<table width=\"100%\">\n<tbody>\n<tr>\n<td width=\"100%\">SESSI\u00d3 2A<\/td>\n<\/tr>\n<tr>\n<td width=\"100%\"><\/td>\n<\/tr>\n<tr>\n<td width=\"100%\"><strong>Mart\u00ed Selva, M.L.; Puertas Medina, R.<\/strong><\/td>\n<\/tr>\n<tr>\n<td width=\"100%\">Impacto econ\u00f3mico de los puertos valencianos: aproximaci\u00f3n mediante un an\u00e1lisis input-output<\/td>\n<\/tr>\n<tr>\n<td width=\"100%\"><\/td>\n<\/tr>\n<tr>\n<td width=\"100%\"><strong>L\u00f3pez Rodr\u00edguez, M.I.<\/strong><\/td>\n<\/tr>\n<tr>\n<td width=\"100%\">Posicionamiento de la Comunidad Valenciana. Evoluci\u00f3n periodo 2006-2015<\/td>\n<\/tr>\n<tr>\n<td width=\"100%\"><\/td>\n<\/tr>\n<tr>\n<td width=\"100%\"><strong>Camis\u00f3n, C.; Camis\u00f3n, S.<\/strong><\/td>\n<\/tr>\n<tr>\n<td width=\"100%\">Desmontando mitos sobre el tama\u00f1o empresarial: evidencia emp\u00edricas entre la pyme valenciana durante el per\u00edodo 1998-2014<\/td>\n<\/tr>\n<tr>\n<td width=\"100%\"><\/td>\n<\/tr>\n<tr>\n<td width=\"100%\">SESSI\u00d3 2B<\/td>\n<\/tr>\n<tr>\n<td width=\"100%\"><\/td>\n<\/tr>\n<tr>\n<td width=\"100%\"><strong>Mart\u00ednez-Ch\u00e1fer,L.; Molina-Morales,F.X.; Valiente-Bordanova,D.; Cap\u00f3-Vicedo,J.<\/strong><\/td>\n<\/tr>\n<tr>\n<td width=\"100%\">More than a feeling. Universities tha foster information and knowledge in international clusters<\/td>\n<\/tr>\n<tr>\n<td width=\"100%\"><\/td>\n<\/tr>\n<tr>\n<td width=\"100%\"><strong>Vives Monterde, J.<\/strong><\/td>\n<\/tr>\n<tr>\n<td width=\"100%\">An\u00e1lisis contable de la Fundaci\u00f3n Caja Castell\u00f3n tras la ausencia de los ingresos de patrocinio de Bancaja<\/td>\n<\/tr>\n<tr>\n<td width=\"100%\"><\/td>\n<\/tr>\n<tr>\n<td width=\"100%\"><strong>Descal\u00e7, A.<\/strong><\/td>\n<\/tr>\n<tr>\n<td width=\"100%\">Reflexions des de l&#8217;Economia sobre l&#8217;aplicaci\u00f3 d&#8217;una taxa tur\u00edstica al Pa\u00eds Valenci\u00e0<\/td>\n<\/tr>\n<tr>\n<td width=\"100%\"><\/td>\n<\/tr>\n<tr>\n<td width=\"100%\"><strong>\u00c0vila i Cervell\u00f3, H.; Segu\u00ed-Mas, E.\u00a0<\/strong><\/td>\n<\/tr>\n<tr>\n<td width=\"100%\">Risc de cr\u00e8dit en el sector t\u00e8xtil valenci\u00e0: una an\u00e0lisi explorat\u00f2ria des de les entitats financeres<\/td>\n<\/tr>\n<\/tbody>\n<\/table>\n<p><strong>11:30 \u2013 12:00 h. Pausa-caf\u00e8<\/strong><br \/>\n<em>2a planta de la FCJE<\/em><\/p>\n<p><strong>12:00 \u2013 13:30 h. Taula redona sobre hisenda auton\u00f2mica<\/strong><br \/>\n<em>Sala de Graus de la FCJE, 2a planta<\/em><strong>.<\/strong><\/p>\n<p>Participants:<\/p>\n<ul>\n<li><strong>N\u00faria Bosch<\/strong>, catedr\u00e0tica d\u2019Economia P\u00fablica de la UB.<\/li>\n<li><strong>Joan Carri\u00f3<\/strong>, director general de Pressupostos i Finan\u00e7ament de les Illes Balears<\/li>\n<li><strong>Germ\u00e1n Or\u00f3n<\/strong>, catedr\u00e0tic de Dret Financer i Tributari de la UJI<\/li>\n<li><strong>Clara Ferrando<\/strong>, secretaria auton\u00f2mica d\u2019Hisenda (Generalitat Valenciana)<\/li>\n<\/ul>\n<p><strong>13:30 \u2013 14:00 h. Cloenda del Workshop<\/strong><br \/>\n<em>Sala de Graus de la FCJE, 2a planta<\/em><br \/>\nAmb la participaci\u00f3 de:<\/p>\n<ul>\n<li><strong>Elies Segu\u00ed<\/strong>, president del Comit\u00e9 Organitzador i director acad\u00e8mic de la Fundaci\u00f3 Nexe<\/li>\n<li><strong>Rafael Lapiedra<\/strong>, deg\u00e0 de la FCJE de la Universitat Jaume I<\/li>\n<li><strong>Maria Dolores Parra<\/strong>, directora general d\u2019Internacionalitzaci\u00f3 (Generalitat Valenciana)<\/li>\n<\/ul>\n<p>&nbsp;<\/p>\n","protected":false},"excerpt":{"rendered":"<p>Divendres, 20 Octubre de 2017 09:00 \u2013 09:30 h. Registre i recollida de documentaci\u00f3 2a planta de la FCJE 9:30 \u2013 10:00 h. Benvinguda del Workshop Sala de Graus de la FCJE, 2a planta Miguel Gin\u00e9s i Elies Segu\u00ed, presidents del Comit\u00e9 Organitzador 10:00 \u2013 11:30 h. Taula redona sobre cl\u00fasters i innovaci\u00f3 Sala de &hellip; <a href=\"https:\/\/fundacionexe.org\/workshops\/econval17\/programa\/\" class=\"more-link\">Continua la lectura de <span class=\"screen-reader-text\">Programa<\/span> <span class=\"meta-nav\">&rarr;<\/span><\/a><\/p>\n","protected":false},"author":3,"featured_media":0,"parent":0,"menu_order":0,"comment_status":"closed","ping_status":"closed","template":"","meta":{"footnotes":""},"class_list":["post-17","page","type-page","status-publish","hentry"],"_links":{"self":[{"href":"https:\/\/fundacionexe.org\/workshops\/econval17\/wp-json\/wp\/v2\/pages\/17","targetHints":{"allow":["GET"]}}],"collection":[{"href":"https:\/\/fundacionexe.org\/workshops\/econval17\/wp-json\/wp\/v2\/pages"}],"about":[{"href":"https:\/\/fundacionexe.org\/workshops\/econval17\/wp-json\/wp\/v2\/types\/page"}],"author":[{"embeddable":true,"href":"https:\/\/fundacionexe.org\/workshops\/econval17\/wp-json\/wp\/v2\/users\/3"}],"replies":[{"embeddable":true,"href":"https:\/\/fundacionexe.org\/workshops\/econval17\/wp-json\/wp\/v2\/comments?post=17"}],"version-history":[{"count":8,"href":"https:\/\/fundacionexe.org\/workshops\/econval17\/wp-json\/wp\/v2\/pages\/17\/revisions"}],"predecessor-version":[{"id":154,"href":"https:\/\/fundacionexe.org\/workshops\/econval17\/wp-json\/wp\/v2\/pages\/17\/revisions\/154"}],"wp:attachment":[{"href":"https:\/\/fundacionexe.org\/workshops\/econval17\/wp-json\/wp\/v2\/media?parent=17"}],"curies":[{"name":"wp","href":"https:\/\/api.w.org\/{rel}","templated":true}]}}