{"id":20,"date":"2017-07-12T00:59:15","date_gmt":"2017-07-11T23:59:15","guid":{"rendered":"http:\/\/fundacionexe.org\/workshops\/econval17\/?page_id=20"},"modified":"2017-10-05T16:18:03","modified_gmt":"2017-10-05T15:18:03","slug":"lloc","status":"publish","type":"page","link":"https:\/\/fundacionexe.org\/workshops\/econval17\/lloc\/","title":{"rendered":"Lloc"},"content":{"rendered":"<p>El Workshop se celebrar\u00e0 a la Sala de Graus (2a planta) de la Facultat de Ci\u00e8ncies Jur\u00eddiques i econ\u00f2miques (FCJE) de la Universitat Jaume I de Castell\u00f3.<\/p>\n<h3>Situaci\u00f3 de la UJI<\/h3>\n<p>La Universitat Jaume I s\u2019ubica en un \u00fanic campus a tan sols tres quil\u00f2metres del centre de la ciutat de Castell\u00f3<\/p>\n<p><img loading=\"lazy\" decoding=\"async\" class=\"alignnone wp-image-120 size-full\" src=\"http:\/\/fundacionexe.org\/workshops\/econval17\/wp-content\/uploads\/sites\/7\/2017\/07\/Capturamap.png\" alt=\"\" width=\"600\" height=\"444\" srcset=\"https:\/\/fundacionexe.org\/workshops\/econval17\/wp-content\/uploads\/sites\/7\/2017\/07\/Capturamap.png 600w, https:\/\/fundacionexe.org\/workshops\/econval17\/wp-content\/uploads\/sites\/7\/2017\/07\/Capturamap-300x222.png 300w\" sizes=\"auto, (max-width: 600px) 100vw, 600px\" \/><\/p>\n<p>V\u00e9s al mapa <a href=\"https:\/\/goo.gl\/maps\/96n8iiS9Ydu\">ac\u00ed<\/a>.<\/p>\n<h3>Sala de graus de la FCJE<\/h3>\n<p>La sala de graus es situa a la 2a planta de la Facultat de Ci\u00e8ncies Jur\u00eddiques i Econ\u00f2miques.<\/p>\n<p><img loading=\"lazy\" decoding=\"async\" class=\"alignnone wp-image-117 size-large\" src=\"http:\/\/fundacionexe.org\/workshops\/econval17\/wp-content\/uploads\/sites\/7\/2017\/07\/Pl\u00e0nolOk-1024x725.png\" alt=\"\" width=\"604\" height=\"428\" srcset=\"https:\/\/fundacionexe.org\/workshops\/econval17\/wp-content\/uploads\/sites\/7\/2017\/07\/Pl\u00e0nolOk-1024x725.png 1024w, https:\/\/fundacionexe.org\/workshops\/econval17\/wp-content\/uploads\/sites\/7\/2017\/07\/Pl\u00e0nolOk-300x213.png 300w, https:\/\/fundacionexe.org\/workshops\/econval17\/wp-content\/uploads\/sites\/7\/2017\/07\/Pl\u00e0nolOk-768x544.png 768w, https:\/\/fundacionexe.org\/workshops\/econval17\/wp-content\/uploads\/sites\/7\/2017\/07\/Pl\u00e0nolOk.png 1293w\" sizes=\"auto, (max-width: 604px) 100vw, 604px\" \/><\/p>\n<p>Descarrega&#8217;t el pl\u00e0nol <a href=\"http:\/\/documents.uji.es\/alfresco\/d\/d\/workspace\/SpacesStore\/d2877af0-ebfa-48e5-adf6-3b92aef80cd7\/plano2.jpg?guest=true\">ac\u00ed<\/a>.<\/p>\n<h3>Com pots arribar a Castell\u00f3?<\/h3>\n<p><img decoding=\"async\" src=\"http:\/\/documents.uji.es\/alfresco\/d\/d\/workspace\/SpacesStore\/9973edd3-515e-477f-b2a5-e63f8ea29cd2\/tren1.jpg?guest=true\" alt=\"Vista A\u00e8ria\" \/><\/p>\n<p>En aquest apartat trobar\u00e0s les indicacions per a arribar a Castell\u00f3 de la Plana des de les prov\u00edncies lim\u00edtrofes en el teu cotxe, en tren o en autob\u00fas.<\/p>\n<p>Si et desplaces des de:<\/p>\n<p><em>Val\u00e8ncia<\/em><\/p>\n<ul>\n<li><strong>Carretera\u00a0<\/strong><br \/>\nDuraci\u00f3 aproximada: 1 h<br \/>\nDist\u00e0ncia: 76 km<br \/>\nEt proposem el seg\u00fcent recorregut: [<a href=\"http:\/\/maps.google.es\/maps?f=d&amp;source=s_d&amp;saddr=Val%C3%A8ncia&amp;daddr=Universitat%2BJaume%2BI,%2BCastell%C3%B3%2Bde%2Bla%2BPlana&amp;geocode=;Fe89YgId9wL__ylHUZvKD_5fDTEAi8_Ub68CDw&amp;hl=ca&amp;mra=ls&amp;sll=40.56483,0.574045&amp;sspn=1.773474,3.510132&amp;ie=UTF8&amp;z=9\">google<\/a>] &#8211; [<a href=\"http:\/\/www.guiarepsol.com\/MapasRutas\/Ruta\/mapa.aspx#X=-0.6166036110196396&amp;Y=39.780816054970\">guiarepsol<\/a>] &#8211; [<a href=\"http:\/\/www.viamichelin.es\/web\/Itineraires?strStartLocid=31NDE3NmQxMGNOREV1TmpVMk16VT1jTFRBdU9EYzJOVGM9&amp;strDestLocid=31M3RzNjEwY016a3VPVGcyTURjPWNMVEF1TURNMk1EST0=&amp;intItineraryType=1&amp;caravaneHidden=false&amp;vh=CAR&amp;strVehicle=0&amp;itineraryCarType=0&amp;itineraryFuelType=0&amp;isFavoriseAutoroute=false&amp;isAvoidPeage=false&amp;isAvoidVignette=false&amp;isAvoidLNR=false&amp;isAvoidFrontiers=true&amp;dtmDeparture=4%2F6%2F2010&amp;distance=km&amp;devise=1.0%7CEUR&amp;indemnite=&amp;carbCost=1.3&amp;autoConso=6.8&amp;villeConso=6&amp;routeConso=5.6\">viamichelin<\/a>]<\/li>\n<li><strong>Tren<\/strong><br \/>\nRodalia: Val\u00e8ncia-Castell\u00f3 de la Plana (C6)<br \/>\nPer a m\u00e9s informaci\u00f3:\u00a0<a href=\"http:\/\/www.renfe.es\/\">www.renfe.es<\/a><\/li>\n<li><strong>Autob\u00fas<\/strong><br \/>\nLa companyia HIFE ofereix un servei de trajecte directe entre Val\u00e8ncia i Castell\u00f3.<br \/>\nPer a m\u00e9s informaci\u00f3:\u00a0<a href=\"http:\/\/www.hife.es\/\">www.hife.es<\/a><\/li>\n<\/ul>\n<p><em>Arag\u00f3<\/em><\/p>\n<ul>\n<li><strong>Carretera\u00a0<\/strong><br \/>\nDuraci\u00f3 aproximada: 1 h 30 min<br \/>\nDist\u00e0ncia: 166 km<br \/>\nEt proposem el seg\u00fcent recorregut: [<a href=\"http:\/\/maps.google.es\/maps?f=d&amp;source=s_d&amp;saddr=Zaragoza&amp;daddr=Universidad+Jaume+I,+Castell%C3%B3n&amp;hl=es&amp;geocode=Fd-fewIdBqDy_yn5bmU_7hRZDTHOvsc-Polp7Q%3BFe89YgId9wL__ylHUZvKD_5fDTEAi8_Ub68CDw&amp;mra=ls&amp;sll=39.992815,-0.064777&amp;sspn=0.027947,0.054846&amp;g=Univers\">google<\/a>] &#8211; [<a href=\"http:\/\/www.guiarepsol.com\/MapasRutas\/Ruta\/mapa.aspx#X=-2.1779923558063037&amp;Y=40.880402279758\">guiarepsol<\/a>] &#8211; [<a href=\"http:\/\/www.viamichelin.es\/web\/Itineraires?strStartLocid=31NDE3NmQxMGNOREV1TmpVMk16VT1jTFRBdU9EYzJOVGM9&amp;strDestLocid=31M3RzNjEwY016a3VPVGcyTURjPWNMVEF1TURNMk1EST0=&amp;intItineraryType=1&amp;caravaneHidden=false&amp;vh=CAR&amp;strVehicle=0&amp;itineraryCarType=0&amp;itineraryFuelType=0&amp;isFavoriseAutoroute=false&amp;isAvoidPeage=false&amp;isAvoidVignette=false&amp;isAvoidLNR=false&amp;isAvoidFrontiers=true&amp;dtmDeparture=4%2F6%2F2010&amp;distance=km&amp;devise=1.0%7CEUR&amp;indemnite=&amp;carbCost=1.3&amp;autoConso=6.8&amp;villeConso=6&amp;routeConso=5.6\">viamichelin<\/a>]<\/li>\n<li><strong>Tren<\/strong><br \/>\nRegional: Terol-Sagunt + rodalia: Sagunt-Castell\u00f3 de la Plana (C6)<br \/>\nPer a m\u00e9s informaci\u00f3:\u00a0<a href=\"http:\/\/www.renfe.es\/\">www.renfe.es<\/a><\/li>\n<li><strong>Autob\u00fas<\/strong><br \/>\nLa companyia AVSA ofereix un servei de trajecte directe entre Terol i Castell\u00f3.<br \/>\nPer a m\u00e9s informaci\u00f3:\u00a0<a href=\"http:\/\/www.avsa.es\/\">www.avsa.es<\/a><\/li>\n<\/ul>\n<p><em>Tarragona<\/em><\/p>\n<ul>\n<li><strong>Carretera\u00a0<\/strong><br \/>\nDuraci\u00f3 aproximada: 2 h<br \/>\nDist\u00e0ncia: 188 km<br \/>\nEt proposem el seg\u00fcent recorregut: [<a href=\"http:\/\/maps.google.es\/maps?f=d&amp;source=s_d&amp;saddr=Tarragona&amp;daddr=Universitat%2BJaume%2BI,%2BCastell%C3%B3%2Bde%2Bla%2BPlana&amp;geocode=FcdrcwIdkgATACmbxTeix_yjEjFQYaUh4PoABA;Fe89YgId9wL__ylHUZvKD_5fDTEAi8_Ub68CDw&amp;hl=ca&amp;mra=ls&amp;sll=40.56483,0.574045&amp;sspn=1.773474,3.510132&amp;ie=UTF8&amp;z=8\">google<\/a>] &#8211; [<a href=\"http:\/\/www.guiarepsol.com\/MapasRutas\/Ruta\/mapa.aspx#X=-0.237548697101998&amp;Y=40.5885704316945\">guiarepsol<\/a>] &#8211; [<a href=\"http:\/\/www.viamichelin.es\/web\/Itineraires?strStartLocid=31NDE3NmQxMGNOREV1TmpVMk16VT1jTFRBdU9EYzJOVGM9&amp;strDestLocid=31M3RzNjEwY016a3VPVGcyTURjPWNMVEF1TURNMk1EST0=&amp;intItineraryType=1&amp;caravaneHidden=false&amp;vh=CAR&amp;strVehicle=0&amp;itineraryCarType=0&amp;itineraryFuelType=0&amp;isFavoriseAutoroute=false&amp;isAvoidPeage=false&amp;isAvoidVignette=false&amp;isAvoidLNR=false&amp;isAvoidFrontiers=true&amp;dtmDeparture=4%2F6%2F2010&amp;distance=km&amp;devise=1.0%7CEUR&amp;indemnite=&amp;carbCost=1.3&amp;autoConso=6.8&amp;villeConso=6&amp;routeConso=5.6\">viamichelin<\/a>]<\/li>\n<li><strong>Tren<\/strong><br \/>\nEuromed, Arco, Regional Express, Alaris, Talgo<br \/>\nPer a m\u00e9s informaci\u00f3:\u00a0<a href=\"http:\/\/www.renfe.es\/\">www.renfe.es<\/a><\/li>\n<li><strong>Autob\u00fas<\/strong><br \/>\nLa companyia ALSA ofereix un servei de trajecte directe entre Tarragona i Castell\u00f3.<br \/>\nPer a m\u00e9s informaci\u00f3:\u00a0<a href=\"http:\/\/www.alsa.es\/\">www.alsa.es<\/a><\/li>\n<\/ul>\n<h3>Ja has arribat a Castell\u00f3. I ara, com v\u00e9ns a l&#8217;UJI?<\/h3>\n<p><strong>TRAM<\/strong><\/p>\n<p><img decoding=\"async\" src=\"http:\/\/documents.uji.es\/alfresco\/d\/d\/workspace\/SpacesStore\/6822f3e0-5b0e-4dec-bc5d-6f1d0493a8f6\/tram1.jpg?guest=true\" alt=\"Tram\" \/><\/p>\n<p>El nou transport de via reservada de Castell\u00f3 comunica cada cinc minuts l\u2019estaci\u00f3 de trens i d\u2019autobusos amb el campus de l\u2019UJI.<\/p>\n<p>Els bitllets i els abonaments poden adquirir-se directament al TRAM.<\/p>\n<p>Per a m\u00e9s informaci\u00f3:<\/p>\n<ul>\n<li><a href=\"http:\/\/www.castello.es\/web20\/archivos\/contenidos\/89\/LineaT1.pdf\">Tram L\u00ednea-T1<\/a>\u00a0(PDF)<\/li>\n<\/ul>\n<p><strong>Autob\u00fas<\/strong><\/p>\n<p>La Universitat Jaume I est\u00e0 unida a les diferents zones de la ciutat mitjan\u00e7ant\u00a0quatre l\u00ednies d\u2019autobusos. Totes tenen parada a l\u2019estaci\u00f3 de trens i d\u2019autobusos.<\/p>\n<p>Els bitllets i els abonaments poden adquirir-se a l\u2019autob\u00fas.<\/p>\n<p>Per a m\u00e9s informaci\u00f3:<\/p>\n<ul>\n<li><a href=\"http:\/\/www.castello.es\/web20\/contenido.php?cod0=1&amp;cod1=3&amp;cod2=13&amp;cod3=7\">Transport p\u00fablic Castell\u00f3<\/a><\/li>\n<li><a href=\"http:\/\/www.castello.es\/web20\/archivos\/contenidos\/90\/Castellon_Borriol.pdf\">L\u00ednia Borriol &#8211; UJI &#8211; Castell\u00f3<\/a>\u00a0(PDF)<\/li>\n<li><a href=\"http:\/\/documents.uji.es\/alfresco\/d\/d\/workspace\/SpacesStore\/ae16e886-517b-4c1d-8313-22e9098ce194\/vil-uji.pdf?guest=true\">Autob\u00fas directe\u00a0Vila-Real &#8211; UJI<\/a>\u00a0(PDF)<\/li>\n<li><a href=\"http:\/\/documents.uji.es\/alfresco\/d\/d\/workspace\/SpacesStore\/79870f83-1899-482b-a033-55134df759f7\/bor-alm-uji.pdf?guest=true\">Autob\u00fas directe\u00a0Borriana &#8211; Almassora &#8211; UJI<\/a>\u00a0(PDF)<\/li>\n<\/ul>\n<p><strong>Cotxe<\/strong><\/p>\n<p>Si vols despla\u00e7ar-te a la Universitat amb el teu cotxe, al campus disposes d\u2019\u00e0mplies zones de p\u00e0rquing enjardinades.<\/p>\n<p><strong>Caminant<\/strong><\/p>\n<p>L\u2019escassa dist\u00e0ncia que separa el campus\u00a0de l\u2019estaci\u00f3 de trens i d\u2019autobusos permet que pugues arribar a l\u2019UJI\u00a0fent un passeig molt agradable de 15 minuts, i d\u2019uns 25 minuts si v\u00e9ns des del centre de la ciutat. L\u2019avinguda que uneix la Universitat amb la ciutat disposa de voreres amples i carril bici independent.<\/p>\n<p>&nbsp;<\/p>\n","protected":false},"excerpt":{"rendered":"<p>El Workshop se celebrar\u00e0 a la Sala de Graus (2a planta) de la Facultat de Ci\u00e8ncies Jur\u00eddiques i econ\u00f2miques (FCJE) de la Universitat Jaume I de Castell\u00f3. Situaci\u00f3 de la UJI La Universitat Jaume I s\u2019ubica en un \u00fanic campus a tan sols tres quil\u00f2metres del centre de la ciutat de Castell\u00f3 V\u00e9s al mapa &hellip; <a href=\"https:\/\/fundacionexe.org\/workshops\/econval17\/lloc\/\" class=\"more-link\">Continua la lectura de <span class=\"screen-reader-text\">Lloc<\/span> <span class=\"meta-nav\">&rarr;<\/span><\/a><\/p>\n","protected":false},"author":3,"featured_media":0,"parent":0,"menu_order":0,"comment_status":"closed","ping_status":"closed","template":"","meta":{"footnotes":""},"class_list":["post-20","page","type-page","status-publish","hentry"],"_links":{"self":[{"href":"https:\/\/fundacionexe.org\/workshops\/econval17\/wp-json\/wp\/v2\/pages\/20","targetHints":{"allow":["GET"]}}],"collection":[{"href":"https:\/\/fundacionexe.org\/workshops\/econval17\/wp-json\/wp\/v2\/pages"}],"about":[{"href":"https:\/\/fundacionexe.org\/workshops\/econval17\/wp-json\/wp\/v2\/types\/page"}],"author":[{"embeddable":true,"href":"https:\/\/fundacionexe.org\/workshops\/econval17\/wp-json\/wp\/v2\/users\/3"}],"replies":[{"embeddable":true,"href":"https:\/\/fundacionexe.org\/workshops\/econval17\/wp-json\/wp\/v2\/comments?post=20"}],"version-history":[{"count":9,"href":"https:\/\/fundacionexe.org\/workshops\/econval17\/wp-json\/wp\/v2\/pages\/20\/revisions"}],"predecessor-version":[{"id":127,"href":"https:\/\/fundacionexe.org\/workshops\/econval17\/wp-json\/wp\/v2\/pages\/20\/revisions\/127"}],"wp:attachment":[{"href":"https:\/\/fundacionexe.org\/workshops\/econval17\/wp-json\/wp\/v2\/media?parent=20"}],"curies":[{"name":"wp","href":"https:\/\/api.w.org\/{rel}","templated":true}]}}