{"id":204,"date":"2018-10-16T11:05:37","date_gmt":"2018-10-16T09:05:37","guid":{"rendered":"http:\/\/fundacionexe.org\/workshops\/econval18\/?page_id=204"},"modified":"2018-10-16T11:42:53","modified_gmt":"2018-10-16T09:42:53","slug":"concurs","status":"publish","type":"page","link":"https:\/\/fundacionexe.org\/workshops\/econval18\/concurs\/","title":{"rendered":"Concurs"},"content":{"rendered":"<p>El servei de Promoci\u00f3 i Normalitzaci\u00f3 Ling\u00fc\u00edstica de la Universistat Polit\u00e8cnica de Val\u00e8ncia convoca un concurs universitari als millors informes t\u00e8cnics fets per estudiants sobre el III Workshop d\u2019Economia Valenciana, dels dies 18 i 19 d\u2019octubre de 2018. Les bases d&#8217;aquest concurs s\u00f3n les seg\u00fcents:\u00a0<\/p><p><strong>Bases del concurs convocat pel Servei de Promoci\u00f3 i Normalitzaci\u00f3 Ling\u00fc\u00edstica<\/strong><\/p><ol class=\"wp-block-list\">\n\t<li>Poden participar en aquest concurs tots els estudiants matriculats en el curs 2018-2019 a la UPV, en qualsevol dels graus o m\u00e0sters.\u00a0<\/li>\n\t<li>Per a participar en el concurs, cal fer la <a href=\"http:\/\/fundacionexe.org\/workshops\/econval18\/inscripcions\/\">inscripci\u00f3<\/a> i assistir al <strong><a href=\"http:\/\/fundacionexe.org\/workshops\/econval18\/\">III Workshop d\u2019Economia Valenciana<\/a><\/strong> dels dies 18 i 19 d\u2019octubre de 2018. La inscripci\u00f3 per als participants en el concurs \u00e9s gratu\u00efta. Els participants en el concurs han d\u2019identificar-se abans d\u2019entrar a la sala on es fa el Workshop. No es pot participar en el concurs sense assistir al Workshop.<\/li>\n\t<li>Nom\u00e9s es pot presentar un informe per autora o autor. L\u2019informe consisteix en un resum o relat de les intervencions de tots els participants (autoritats, moderadors, ponents i p\u00fablic) en el III Workshop d\u2019Economia Valenciana. En cas que hi haja dues o m\u00e9s sessions de comunicacions paral\u00b7leles, nom\u00e9s s\u2019ha d\u2019assistir a una de les sessions i nom\u00e9s aquesta ha de constar en l\u2019informe. L\u2019informe no ha de ser una transcripci\u00f3, sin\u00f3 una versi\u00f3 redu\u00efda del que exposen les persones que hi intervenen i no ha de tenir aportacions distintes a aquestes intervencions. L\u2019objectiu de l\u2019informe \u00e9s proporcionar informaci\u00f3 sobre el que s\u2019ha tractat en el Workshop. S\u2019ha de presentar escrit en valenci\u00e0 i ha de tenir una qualitat ling\u00fc\u00edstica adequada a un text formal. Els informes no poden ser d\u2019autoria col\u00b7lectiva.\u00a0<\/li>\n\t<li>Els informes han de tenir una extensi\u00f3 entre 1 i 10 p\u00e0gines DIN A4, en font Arial, en cos 12 i amb un interlineat d\u20191,5 espais. Els treballs s\u2019han de lliurar per correu electr\u00f2nic a\u00a0spnl@upv.es fins al 4 de novembre de 2018. L\u2019informe ha d\u2019anar en un fitxer adjunt, mentre que les dades de l\u2019autor o l\u2019autora aniran en un altre fitxer que ha de tenir el nom de \u201cdades personals\u201d. Aquest fitxer de \u201cdades personals\u201d ha d\u2019incloure: tel\u00e8fon; adre\u00e7a, poblaci\u00f3 i codi postal; adre\u00e7a electr\u00f2nica; nom i cognoms. En el tema del \u00a0missatge s\u2019escriur\u00e0 el text seg\u00fcent: \u201cConcurs informes\u201d.<\/li>\n\t<li>El jurat del concurs estar\u00e0 format per les persones que el rector de la UPV designe entre la comunitat universit\u00e0ria de la UPV. Aquest jurat es donar\u00e0 a con\u00e8ixer en la web de l\u2019SPNL.\u00a0<\/li>\n\t<li>La resoluci\u00f3 del jurat es far\u00e0 p\u00fablica abans del dia 15 de desembre de 2018.<\/li>\n\t<li>El jurat concedir\u00e0 tres premis principals. El primer premi est\u00e0 dotat amb 600 euros; el segon amb 300 euros i el tercer amb 150 euros. Els informes guanyadors podran ser utilitzats com a documents de treball per la UPV.<\/li>\n\t<li>Els drets de publicaci\u00f3 dels informes guanyadors entraran a formar part del patrimoni de la UPV. Si escau, la UPV podr\u00e0 donar-los un format adequat per a la seua publicaci\u00f3. No obstant aix\u00f2, els guanyadors podran fer \u00fas dels textos sempre que hi facen constar el guard\u00f3 rebut.\u00a0<\/li>\n\t<li>El jurat del concurs resoldr\u00e0 totes les q\u00fcestions no previstes en aquestes bases.\u00a0<\/li>\n\t<li>La resoluci\u00f3 del jurat ser\u00e0 inapel\u00b7lable.<\/li>\n<\/ol>","protected":false},"excerpt":{"rendered":"<p>El servei de Promoci\u00f3 i Normalitzaci\u00f3 Ling\u00fc\u00edstica de la Universistat Polit\u00e8cnica de Val\u00e8ncia convoca un concurs universitari als millors informes t\u00e8cnics fets per estudiants sobre el III Workshop d\u2019Economia Valenciana, dels dies 18 i 19 d\u2019octubre de 2018. Les bases d&#8217;aquest concurs s\u00f3n les seg\u00fcents:\u00a0 Bases del concurs convocat pel Servei de Promoci\u00f3 i Normalitzaci\u00f3 &hellip; <a href=\"https:\/\/fundacionexe.org\/workshops\/econval18\/concurs\/\" class=\"more-link\">Continua la lectura de <span class=\"screen-reader-text\">Concurs<\/span> <span class=\"meta-nav\">&rarr;<\/span><\/a><\/p>\n","protected":false},"author":3,"featured_media":0,"parent":0,"menu_order":0,"comment_status":"closed","ping_status":"closed","template":"","meta":{"footnotes":""},"class_list":["post-204","page","type-page","status-publish","hentry"],"_links":{"self":[{"href":"https:\/\/fundacionexe.org\/workshops\/econval18\/wp-json\/wp\/v2\/pages\/204","targetHints":{"allow":["GET"]}}],"collection":[{"href":"https:\/\/fundacionexe.org\/workshops\/econval18\/wp-json\/wp\/v2\/pages"}],"about":[{"href":"https:\/\/fundacionexe.org\/workshops\/econval18\/wp-json\/wp\/v2\/types\/page"}],"author":[{"embeddable":true,"href":"https:\/\/fundacionexe.org\/workshops\/econval18\/wp-json\/wp\/v2\/users\/3"}],"replies":[{"embeddable":true,"href":"https:\/\/fundacionexe.org\/workshops\/econval18\/wp-json\/wp\/v2\/comments?post=204"}],"version-history":[{"count":6,"href":"https:\/\/fundacionexe.org\/workshops\/econval18\/wp-json\/wp\/v2\/pages\/204\/revisions"}],"predecessor-version":[{"id":214,"href":"https:\/\/fundacionexe.org\/workshops\/econval18\/wp-json\/wp\/v2\/pages\/204\/revisions\/214"}],"wp:attachment":[{"href":"https:\/\/fundacionexe.org\/workshops\/econval18\/wp-json\/wp\/v2\/media?parent=204"}],"curies":[{"name":"wp","href":"https:\/\/api.w.org\/{rel}","templated":true}]}}