{"id":23,"date":"2018-07-23T14:00:31","date_gmt":"2018-07-23T12:00:31","guid":{"rendered":"http:\/\/fundacionexe.org\/workshops\/econval18\/?page_id=23"},"modified":"2018-10-26T10:13:05","modified_gmt":"2018-10-26T08:13:05","slug":"programa","status":"publish","type":"page","link":"https:\/\/fundacionexe.org\/workshops\/econval18\/programa\/","title":{"rendered":"Programa"},"content":{"rendered":"<p style=\"font-size:22px\"><strong>Dijous, 18 d\u2019Octubre de 2018<\/strong><\/p><p><strong>9:00 \u2013 9:15 h. Registre i Recollida de Documentaci\u00f3<\/strong><br \/> <em>Sala Ignasi Villalonga de la Facultat d&#8217;Economia, 1a planta &#8211; Universitat de Val\u00e8ncia\ufeff<\/em><\/p><p><strong>9:15 \u2013 9.45 h. Inauguraci\u00f3 del <em>Workshop<\/em><\/strong><br \/> <em>Sala Ignasi Villalonga de la Facultat d\u2019Economia, 1a planta &#8211; Universitat de Val\u00e8ncia<\/em><\/p><p>Amb la participaci\u00f3 de:<\/p><ul class=\"wp-block-list\">\n\t<li>Conseller d&#8217;Economia Sostenible, Sectors Productius, Comer\u00e7 i Treball, Rafael Climent.<br \/><\/li>\n\t<li>Deg\u00e0 de la Facultat d&#8217;Economia de la Universitat de Val\u00e8ncia, Jos\u00e9 Manuel Pastor.<\/li>\n\t<li>Presidenta del Comit\u00e8 Organitzador i professora de la Universitat de Val\u00e8ncia, Rosa Yag\u00fce.<\/li>\n\t<li>Secret\u00e0ria General de la Fundaci\u00f3 Nexe, Reis Gallego.<\/li>\n<\/ul><p class=\"is-regular-text\"><strong>09:45 \u2013 11:45 h. Sessi\u00f3 de Comunicacions Paral\u00b7leles I.A<\/strong><br \/> <em>Aula 2P15 del\u00a0Departament d\u2019Economia Aplicada, 2a planta de la Facultat d\u2019Economia\u00a0&#8211; Universitat de Val\u00e8ncia<br \/>Moderador: J. R. Ruiz-Tamarit<\/em><\/p><p>Influ\u00e8ncia de la naturalesa de les dades en els estudis regionals. Una mirada al passat a la\u00a0Comunitat Valenciana<br \/> <em>M\u00aa Isabel L\u00f3pez Rodr\u00edguez, Daniel Gonzalo Palac\u00ed-L\u00f3pez i Jes\u00fas Palac\u00ed<\/em><\/p><p><em><\/em>La desigualdad regional en Espa\u00f1a (1860-2015): la Comunitat Valenciana en la encrucijada<br \/> <em>Daniel A. Tirado-Fabregat, Julio Martinez-Galarraga i Alfonso Diez-Minguela<\/em><\/p><p><em><\/em>L&#8217;endarreriment econ\u00f2mic valenci\u00e0<br \/> <em>Antonio Cubel Montesinos, Maria Jos\u00e9 Murgui-Garcia i Ram\u00f3n Ruiz-Tamarit<\/em><\/p><p>Resili\u00e8ncia econ\u00f2mica: el cas valenci\u00e0<br \/> <em>Javier Escrib\u00e1-P\u00e9rez, Mar\u00eda Jos\u00e9 Murgui-Garc\u00eda i Ram\u00f3n Ruiz-Tamarit<\/em><\/p><p><strong>09:45 \u2013 11.45 h. Sessi\u00f3 de Comunicacions Paral\u00b7leles I.B<\/strong><br \/> <em>Aula 2P04 del Departament d\u2019Economia Aplicada, 2a planta de la Facultat d\u2019Economia &#8211; Universitat de Val\u00e8ncia<br \/>Moderador: Isidre March\ufeff<\/em><\/p><p>Proposal for development and enhancement of the branch of the Via Augusta in the towns of\u00a0Oliva, Piles, Miramar, Guardamar and Daim\u00fas in the region of La Safor<br \/> <em>Pau Perez-Ledo i Rom\u00e0 Torres Bataller<\/em><\/p><p>La integraci\u00f3n del turismo en el parque natural del Turia: una evaluaci\u00f3n de la ISO 18065:2016\u00a0desde la mirada de los actores locales<br \/> <em>\u00c1ngel Mart\u00ednez Garc\u00eda<\/em><\/p><p>Pa\u00eds Valenci\u00e0: an\u00e1lisis y alternativas<br \/> <em>Daniel Peidro<\/em><\/p><p>Changes in entrepreneurial intentions over time: a longitudinal case study in the Spanish\u00a0construction industry<br \/> <em>Colin Donaldson, Joaquin Alegre i Francisco Linan<\/em><\/p><p>Caracteritzaci\u00f3 de l&#8217;emprenedor agrari a Espanya amb dades del GEM<br \/> <em>Julia Ferrandiz, Andrea Conchado i Gabriel Garc\u00eda<\/em><\/p><p><strong>11:45 \u2013 12:15 h. Pausa-Caf\u00e8<\/strong><br \/> <em>Hall de la Facultat d&#8217;Economia, junt a la Cafeteria\u00a0&#8211; Universitat de Val\u00e8ncia\ufeff<\/em><\/p><p><strong>12.15 \u2013 14.15 h. Sessi\u00f3 de Comunicacions Paral\u00b7leles II.A<\/strong><br \/> <em>Aula 2P15 del Departament d\u2019Economia Aplicada, 2a planta de la Facultat d\u2019Economia\u00a0&#8211; Universitat de Val\u00e8ncia<br \/>Moderador: Asensi Descal\u00e7<\/em><\/p><p>El possible impost valenci\u00e0 a les begudes<br \/> <em>Pau Fayos Montagud<\/em><\/p><p>An\u00e1lisis de la financiaci\u00f3n auton\u00f3mica y la atenci\u00f3n a la dependencia 2009 a 2015<br \/> <em>Guillem Rodrigo Callej\u00f3n i Rafael Granell P\u00e9rez<\/em><\/p><p>La renta valenciana de inclusi\u00f3n: efecto sobre la pobreza, la desigualdad y la econom\u00eda\u00a0valenciana<br \/> <em>Rafael Granell, Amadeo Fuenmayor i Teresa Savall<\/em><br \/><\/p><p>Spatial effect of debt: evidence from Valencian municipalities<br \/> <em>Maria Teresa Balaguer Coll i Mariya Ivanova Toneva<\/em><\/p><p><strong>12.15 \u2013 14.15 h. Sessi\u00f3 de Comunicacions Paral\u00b7leles II.B<\/strong><br \/><em>Aula 2P04 del Departament d\u2019Economia Aplicada, 2a planta de la Facultat d\u2019Economia\u00a0&#8211; Universitat de Val\u00e8ncia<br \/>Moderador: Xavier Molina<\/em><\/p><p>What is Zara doing in my cluster? Unfolding multinationals access to local tacit knowledge\u00a0through recruiting strategies<br \/> <em>Jose Luis Hervas Oliver i Jose Antonio Belso Martinez<\/em><br \/><\/p><p>The entry of MNEs in leading clusters: the case of Castellon and Sassuolo<br \/> <em>Fiorenza Belussi, Luis Martinez-Chafer, F. Xavier Molina-Morales i David Valiente-Bordanova<\/em><\/p><p>El problema de la aplicaci\u00f3n sistem\u00e1tica del reglamento general de protecci\u00f3n de datos\u00a0(RGPD) en la \u00e9tica de la PYME<br \/> <em>Jose Rodolfo Hernandez-Carrion i David Benjamin Ruiz-Hall<\/em><\/p><p>Redefining (ex-ante) evaluation processes<br \/> <em>Marta R. Casanova<\/em><br \/> <\/p><p>Modelitzaci\u00f3 i evoluci\u00f3 de la despesa familiar a nivell regional en el per\u00edode 2006-2016: el cas\u00a0de la Comunitat Valenciana<br \/> <em>M\u00aa Isabel L\u00f3pez Rodr\u00edguez i Maja Barac<\/em><\/p><p><strong>14.15 \u2013 16:00 h. Dinar\ufeff<\/strong><br \/><\/p><p><strong>16:00 \u2013 17:45 h. Sessi\u00f3 Monogr\u00e0fica : \u201cRepensant els\u00a0 Cl\u00fasters. Teoria i Pr\u00e0ctica\u201d<br \/><\/strong><em>Facultat d&#8217;Economia &#8211; Universitat de Val\u00e8ncia<\/em><\/p><p>Coordinador: Xavier Molina, Catedr\u00e0tic d&#8217;organitzaci\u00f3 d&#8217;empreses UJI<br \/> Modera Gemma Jimeno, editora d&#8217;Economia 3<\/p><p><em>Fiorenza Bellusi, Professora de la Universitat de P\u00e0dua (It\u00e0lia)<\/em><\/p><p><em>Cristina Boari, Professora de la Universitat de Bolonya (It\u00e0lia)<\/em><\/p><p><em>David Monllor, Project Manager del Cluster Empresas Innovadoras de Valle del Juguete<\/em><\/p><p><em>Paco Corma, Consultor en innovaci\u00f3 i gesti\u00f3 del sector cer\u00e0mic<\/em><\/p><p><strong>17:45 \u2013 18:15 h. Pausa-Caf\u00e8<\/strong><br \/> <em>Hall de la Facultat d&#8217;Economia, junt a la Cafeteria &#8211; Universitat de Val\u00e8ncia\ufeff<\/em><\/p><p><strong>18:15 \u2013 20:00 h. Sesssi\u00f3 Monogr\u00e0fica: \u201cGesti\u00f3 i Regulaci\u00f3 de l\u2019Activitat Tur\u00edstica al PV\u201d<br \/><\/strong><em>Facultat d&#8217;Economia &#8211; Universitat de Val\u00e8ncia\ufeff<\/em><\/p><p>Coordinadora: Rosa Yag\u00fce, Professora titular UV<br \/>Modera Gemma Mart\u00ednez, Subdirectora de Levante-EMV<\/p><p><em>Clara Ferrando, Secret\u00e0ria Auton\u00f2mica d&#8217;Hisenda<\/em><\/p><p><em>Joan Carles Cambrils, Subdirector General de la Fundaci\u00f3n Turismo-Val\u00e8ncia<\/em><\/p><p><em>Pau P\u00e9rez, Gerent del Pla de Dinamitzaci\u00f3 i Governan\u00e7a Tur\u00edstica de la Safor<\/em><\/p><p><em>Isabel Palafox, Subdirectora General de Turisme- TCV\ufeff<\/em><\/p><p style=\"font-size:22px\"><strong>Divendres, 26 d\u2019Octubre de 2018<\/strong><\/p><p><strong>17:30 \u2013 17:45 h. Lliurament dels Premis Caixa Popular a la Millor Investigaci\u00f3 en Economia Valenciana.\u00a0<\/strong><\/p><p><strong>17:45 \u2013 19:30 h. Sessi\u00f3 &#8220;Estrat\u00e8gies empresarials per a l&#8217;\u00e8xit: especialitzaci\u00f3 intel\u00b7ligent, innovaci\u00f3 i cooperaci\u00f3\u201d<\/strong>\ufeff\u00a0<br \/><em>Sala de Graus de la Facultad d&#8217;ADE, edifici 7J, 2a planta, Universitat Polit\u00e8cnica de Val\u00e8ncia<\/em><\/p><p>Coordinadors: Isidre March, Catedr\u00e0tic d\u2019Organitzaci\u00f3 d\u2019Empreses &#8211; UV i Elies Segu\u00ed, Professor de la UPV<br \/> Modera\u00a0Ana Garrido, Jefa de Econom\u00eda de La Raz\u00f3n Comunidad Valenciana<\/p><p><em>Roberto Parras, Coordinador RIS3- CV<\/em><br \/><\/p><p><em>Francisco Valls, Controller de Bierwinkel<\/em><\/p><p><em> Carlos Ramada, Gerent de la\u00a0<\/em><em>Companyia Cervecera Zeta<\/em><br \/><\/p><p><em>Rafael Juan, Conseller delegat de Dulcesol<\/em><\/p><p><strong>19:30\u2013 19:45 h. Cloenda del Workshop<\/strong><br \/><em>Sala de Graus de la Facultad d&#8217;ADE, edifici 7J, 2a planta, Universitat Polit\u00e8cnica de Val\u00e8ncia<\/em><br \/><\/p><p>Amb la participaci\u00f3 de:<\/p><ul class=\"wp-block-list\">\n\t<li>Director General d&#8217;Economia, Emprenedoria i Cooperativisme, Francisco \u00c1lvarez.\u00a0<\/li>\n\t<li>Director Acad\u00e8mic de la Fundaci\u00f3 Nexe, Elies Segu\u00ed.<\/li>\n\t<li>Degana de la Facultat d&#8217;ADE de la UPV, Mar\u00eda del Mar Mar\u00edn.<br \/><\/li>\n<\/ul>","protected":false},"excerpt":{"rendered":"<p>Dijous, 18 d\u2019Octubre de 2018 9:00 \u2013 9:15 h. Registre i Recollida de Documentaci\u00f3 Sala Ignasi Villalonga de la Facultat d&#8217;Economia, 1a planta &#8211; Universitat de Val\u00e8ncia\ufeff 9:15 \u2013 9.45 h. Inauguraci\u00f3 del Workshop Sala Ignasi Villalonga de la Facultat d\u2019Economia, 1a planta &#8211; Universitat de Val\u00e8ncia Amb la participaci\u00f3 de: Conseller d&#8217;Economia Sostenible, Sectors &hellip; <a href=\"https:\/\/fundacionexe.org\/workshops\/econval18\/programa\/\" class=\"more-link\">Continua la lectura de <span class=\"screen-reader-text\">Programa<\/span> <span class=\"meta-nav\">&rarr;<\/span><\/a><\/p>\n","protected":false},"author":3,"featured_media":0,"parent":0,"menu_order":0,"comment_status":"closed","ping_status":"closed","template":"","meta":{"footnotes":""},"class_list":["post-23","page","type-page","status-publish","hentry"],"_links":{"self":[{"href":"https:\/\/fundacionexe.org\/workshops\/econval18\/wp-json\/wp\/v2\/pages\/23","targetHints":{"allow":["GET"]}}],"collection":[{"href":"https:\/\/fundacionexe.org\/workshops\/econval18\/wp-json\/wp\/v2\/pages"}],"about":[{"href":"https:\/\/fundacionexe.org\/workshops\/econval18\/wp-json\/wp\/v2\/types\/page"}],"author":[{"embeddable":true,"href":"https:\/\/fundacionexe.org\/workshops\/econval18\/wp-json\/wp\/v2\/users\/3"}],"replies":[{"embeddable":true,"href":"https:\/\/fundacionexe.org\/workshops\/econval18\/wp-json\/wp\/v2\/comments?post=23"}],"version-history":[{"count":68,"href":"https:\/\/fundacionexe.org\/workshops\/econval18\/wp-json\/wp\/v2\/pages\/23\/revisions"}],"predecessor-version":[{"id":315,"href":"https:\/\/fundacionexe.org\/workshops\/econval18\/wp-json\/wp\/v2\/pages\/23\/revisions\/315"}],"wp:attachment":[{"href":"https:\/\/fundacionexe.org\/workshops\/econval18\/wp-json\/wp\/v2\/media?parent=23"}],"curies":[{"name":"wp","href":"https:\/\/api.w.org\/{rel}","templated":true}]}}