{"id":2,"date":"2019-03-22T13:08:14","date_gmt":"2019-03-22T11:08:14","guid":{"rendered":"http:\/\/fundacionexe.org\/workshops\/femlab21\/?page_id=2"},"modified":"2021-11-04T17:41:34","modified_gmt":"2021-11-04T15:41:34","slug":"inici","status":"publish","type":"page","link":"https:\/\/fundacionexe.org\/workshops\/femlab21\/inici\/","title":{"rendered":"Programa"},"content":{"rendered":"<p><b>DIVENDRES, 5 DE NOVEMBRE<\/b><\/p>\n<p><b>9.00 h.<\/b><span style=\"font-weight: 400\"> Recepci\u00f3 de participants<\/span><\/p>\n<p><b>9.30 h. <\/b><span style=\"font-weight: 400\">Inauguraci\u00f3<\/span><\/p>\n<ul>\n<li>Anna Perpiny\u00e0 Saragoss\u00e0, Lab de Feminisme de la Fundaci\u00f3 Nexe<\/li>\n<li>Lucia Beamud Villanueva, regidora d&#8217;igualtat i pol\u00edtiques de g\u00e8nere i LGTBI de l&#8217;ajuntament de Val\u00e8ncia<\/li>\n<li>Krisztina S\u00e1ndor, membre del Bureau de la Coppieters Foundation<\/li>\n<\/ul>\n<p><b>10.00 h. <\/b><span style=\"font-weight: 400\">Pon\u00e8ncia inaugural (1a part)<\/span><\/p>\n<p>Presenta i modera: Irene Ballester Buigues, Lab de Feminisme de la Fundaci\u00f3 Nexe<\/p>\n<ul>\n<li>B\u00e1rbara Giovana Bello, Universit\u00e0 degli Studi di Milano (It\u00e0lia)<\/li>\n<\/ul>\n<p><b>10.45 h. <\/b><span style=\"font-weight: 400\">\u00a0Descans<\/span><\/p>\n<p><b>11.15 h.<\/b><span style=\"font-weight: 400\">Ponencia inaugural (2n part)<\/span><\/p>\n<p>Presenta i modera: Irene Ballester Buigues, Lab de Feminisme de la Fundaci\u00f3 Nexe<\/p>\n<ul>\n<li>Lucas Platero, Universidad Rey Juan Carlos de Madrid<\/li>\n<\/ul>\n<p><b>12.00 <\/b><b>h.<\/b><span style=\"font-weight: 400\"> Les geografies de l\u2019aplicaci\u00f3 de la perspectiva interseccional. Debat dialogat<\/span><\/p>\n<p>Presenta i modera: Anna Perpiny\u00e0 i Saragoss\u00e0, Lab de Feminisme de la Fundaci\u00f3 Nexe<\/p>\n<ul>\n<li style=\"font-weight: 400\"><span style=\"font-weight: 400\">Neus Tur, Universitat de les Illes Balears i Grup Ant\u00edgona<\/span><\/li>\n<li style=\"font-weight: 400\"><span style=\"font-weight: 400\">Lara Maestripieri, Universitat Polit\u00e8cnica de Milan<\/span><\/li>\n<li>Pastora Filigrana, advocada i activista pels drets humans<\/li>\n<\/ul>\n<p><b>13.30 h.<\/b><span style=\"font-weight: 400\"> Dinar a la terrassa de l&#8217;ADEIT (pr\u00e8via inscripci\u00f3)<\/span><\/p>\n<p><b>15.30 h. <\/b><span style=\"font-weight: 400\">Comunicacions<\/span><\/p>\n<p>Modera el Lab de Feminisme de la Fundaci\u00f3 Nexe<\/p>\n<ul>\n<li>15.30h-15.50h: &#8220;La interseccionalitat com a eina de construcci\u00f3 de les pol\u00edtiques europees d&#8217;igualtat&#8221; de Regina Laguna<\/li>\n<li>15.50h-16.10h: &#8220;La interseccionalitat com a paraig\u00fces feminista&#8221; de S\u00f2nia Reverter<\/li>\n<li>16.10h-16.30h: &#8220;An\u00e1lisis del sujeto pol\u00edtico del feminismo en especial relaci\u00f3n con la Ley Org\u00e1nica 1\/2004&#8221; de Candela Cabezuelo<\/li>\n<li>16.30h-16.50h: &#8220;Intersecciones y pol\u00edticas p\u00fablicas. Una forma de abordar la desigualdad de forma m\u00e1s inclusiva&#8221; d&#8217;Amanda Mart\u00ednez<\/li>\n<li>16.50h-17.10h: &#8220;l&#8217;iceberg que cal desfer&#8221; de Martta Joan Giralt Hern\u00e1ndez i Irene Plaza Minguella<\/li>\n<\/ul>\n<p>\u00a0<\/p>\n<p><b>DISSABTE, 6 DE NOVEMBRE<\/b><\/p>\n<p><span style=\"font-weight: 400\"><strong>10.00 h.<\/strong> La institucionalitzaci\u00f3 de la perspectiva interseccional<\/span><\/p>\n<p>Presenta i modera: Vicenta Tasa i Fuster, Lab de Feminisme de la Fundaci\u00f3 Nexe<\/p>\n<ul>\n<li style=\"font-weight: 400\"><span style=\"font-weight: 400\">MariaCaterina La Barbera, instituto de Filosof\u00eda, Consejo Superior de Investigaciones Cient\u00edficas<\/span><\/li>\n<\/ul>\n<p><span style=\"font-weight: 400\"><strong>11.00 h.<\/strong> Pausa-caf\u00e9<\/span><\/p>\n<p><span style=\"font-weight: 400\"><strong>11.30 h.<\/strong> Aplicaci\u00f3 de la interseccionalitat en la pol\u00edtica municipal<\/span><\/p>\n<p>Presenta i modera: Let\u00edcia Amig\u00f3 T\u00e0rrega, Lab de Feminisme de la Fundaci\u00f3 Nexe<\/p>\n<ul>\n<li style=\"font-weight: 400\"><span style=\"font-weight: 400\">Gerard Coll-Planas, Universitat de Vic-Universitat Central de Catalunya<\/span><\/li>\n<li style=\"font-weight: 400\"><span style=\"font-weight: 400\">Teresa del Amo, t\u00e8cnica de l&#8217;ajuntament de Terrassa i coordinadora del projecte Igualtats Connectades<\/span><\/li>\n<\/ul>\n<p><span style=\"font-weight: 400\"><strong>12.30 h.\u00a0<\/strong> Aproximaci\u00f3 a la diversitat cultural des d\u2019una perspectiva interseccional<\/span><\/p>\n<p>Presenta i modera: Al\u00edcia Villar Aguil\u00e9s, coordinadora del Lab de Feminisme de la Fundaci\u00f3 Nexe<\/p>\n<ul>\n<li style=\"font-weight: 400\"><span style=\"font-weight: 400\">\u00c0ngela Nzambi, CEAR-PV<\/span><\/li>\n<li style=\"font-weight: 400\"><span style=\"font-weight: 400\">Ver\u00f2nica Gisbert, professora de criminologia de la Universitat de Val\u00e8ncia<\/span><\/li>\n<li>Aitana Guia Conca, Associate Professor in Modern European History California State University, Fullerton<\/li>\n<\/ul>\n<p><span style=\"font-weight: 400\"><strong>13.30 h.<\/strong> Cloenda<\/span><\/p>\n<ul>\n<li>Al\u00edcia Villar Aguil\u00e9s, coordinadora del Lab de Feminisme de la Fundaci\u00f3 Nexe<\/li>\n<li>Gon\u00e7al Andreu Grau i Muedra, president de la Fundaci\u00f3 Nexe<\/li>\n<li>Kisztina S\u00e1ndor, membre del Bureau de la Coppieters Foundation<\/li>\n<\/ul>\n","protected":false},"excerpt":{"rendered":"<p>DIVENDRES, 5 DE NOVEMBRE 9.00 h. Recepci\u00f3 de participants 9.30 h. Inauguraci\u00f3 Anna Perpiny\u00e0 Saragoss\u00e0, Lab de Feminisme de la Fundaci\u00f3 Nexe Lucia Beamud Villanueva, regidora d&#8217;igualtat i pol\u00edtiques de g\u00e8nere i LGTBI de l&#8217;ajuntament de Val\u00e8ncia Krisztina S\u00e1ndor, membre del Bureau de la Coppieters Foundation 10.00 h. Pon\u00e8ncia inaugural (1a part) Presenta i modera: &hellip; <a href=\"https:\/\/fundacionexe.org\/workshops\/femlab21\/inici\/\" class=\"more-link\">Continua la lectura de <span class=\"screen-reader-text\">Programa<\/span> <span class=\"meta-nav\">&rarr;<\/span><\/a><\/p>\n","protected":false},"author":1,"featured_media":0,"parent":0,"menu_order":0,"comment_status":"closed","ping_status":"closed","template":"","meta":{"footnotes":""},"class_list":["post-2","page","type-page","status-publish","hentry"],"_links":{"self":[{"href":"https:\/\/fundacionexe.org\/workshops\/femlab21\/wp-json\/wp\/v2\/pages\/2","targetHints":{"allow":["GET"]}}],"collection":[{"href":"https:\/\/fundacionexe.org\/workshops\/femlab21\/wp-json\/wp\/v2\/pages"}],"about":[{"href":"https:\/\/fundacionexe.org\/workshops\/femlab21\/wp-json\/wp\/v2\/types\/page"}],"author":[{"embeddable":true,"href":"https:\/\/fundacionexe.org\/workshops\/femlab21\/wp-json\/wp\/v2\/users\/1"}],"replies":[{"embeddable":true,"href":"https:\/\/fundacionexe.org\/workshops\/femlab21\/wp-json\/wp\/v2\/comments?post=2"}],"version-history":[{"count":58,"href":"https:\/\/fundacionexe.org\/workshops\/femlab21\/wp-json\/wp\/v2\/pages\/2\/revisions"}],"predecessor-version":[{"id":276,"href":"https:\/\/fundacionexe.org\/workshops\/femlab21\/wp-json\/wp\/v2\/pages\/2\/revisions\/276"}],"wp:attachment":[{"href":"https:\/\/fundacionexe.org\/workshops\/femlab21\/wp-json\/wp\/v2\/media?parent=2"}],"curies":[{"name":"wp","href":"https:\/\/api.w.org\/{rel}","templated":true}]}}