{"id":19,"date":"2019-04-10T09:46:53","date_gmt":"2019-04-10T07:46:53","guid":{"rendered":"http:\/\/fundacionexe.org\/workshops\/femlab24\/?page_id=19"},"modified":"2024-08-01T18:46:44","modified_gmt":"2024-08-01T16:46:44","slug":"crida-a-comunicacions","status":"publish","type":"page","link":"https:\/\/fundacionexe.org\/workshops\/femlab24\/crida-a-comunicacions\/","title":{"rendered":"Crida a comunicacions"},"content":{"rendered":"<p><span style=\"font-weight: 400\">Les comunicacions hauran d\u2019abordar la tem\u00e0tica del Workshop: \u201cMoviments antifeministes i extrema dreta a Europa\u201d, aprofundint en les relacions existents o en alguna de les q\u00fcestions. Com a guia, plantegem alguns \u00e0mbits:<\/span><\/p>\r\n<ul>\r\n<li><span style=\"font-weight: 400\">Moviments i estrat\u00e8gies antifeministes.<\/span><\/li>\r\n<li><span style=\"font-weight: 400\">La relaci\u00f3 entre l\u2019augment de les dretes a Europa i el feminisme.<\/span><\/li>\r\n<li><span style=\"font-weight: 400\">Manosfera i discurs antifeministes en les xarxes socials .<\/span><\/li>\r\n<li><span style=\"font-weight: 400\">Educaci\u00f3 i discursos anti-g\u00e8nere.<\/span><\/li>\r\n<\/ul>\r\n<p><span style=\"font-weight: 400\">Hi ha dues modalitats de presentaci\u00f3:<\/span><\/p>\r\n<ul>\r\n<li style=\"font-weight: 400\"><a href=\"http:\/\/fundacionexe.org\/workshops\/femlab24\/comunicacions\/\"><span style=\"font-weight: 400\">COMUNICACIONS<\/span><\/a><span style=\"font-weight: 400\">\u00a0<\/span><\/li>\r\n<li style=\"font-weight: 400\"><a href=\"http:\/\/fundacionexe.org\/workshops\/femlab24\/hub-posters\/\"><span style=\"font-weight: 400\">HUB-P\u00d2STERS<\/span><\/a><span style=\"font-weight: 400\">\u00a0<\/span><\/li>\r\n<\/ul>\r\n<p><span style=\"font-weight: 400\">Cliqueu sobre el nom de cadascuna d\u2019elles per a con\u00e9ixer m\u00e9s detalls.<\/span><\/p>\r\n<p><span style=\"font-weight: 400\">Ac\u00ed podeu informar-vos sobre les <\/span><a href=\"http:\/\/fundacionexe.org\/workshops\/femlab24\/normes-de-presentacio\/\"><span style=\"font-weight: 400\">normes de la presentaci\u00f3<\/span><\/a><span style=\"font-weight: 400\">.<\/span><\/p>","protected":false},"excerpt":{"rendered":"<p>Les comunicacions hauran d\u2019abordar la tem\u00e0tica del Workshop: \u201cMoviments antifeministes i extrema dreta a Europa\u201d, aprofundint en les relacions existents o en alguna de les q\u00fcestions. Com a guia, plantegem alguns \u00e0mbits: Moviments i estrat\u00e8gies antifeministes. La relaci\u00f3 entre l\u2019augment de les dretes a Europa i el feminisme. Manosfera i discurs antifeministes en les xarxes &hellip; <a href=\"https:\/\/fundacionexe.org\/workshops\/femlab24\/crida-a-comunicacions\/\" class=\"more-link\">Continua la lectura de <span class=\"screen-reader-text\">Crida a comunicacions<\/span> <span class=\"meta-nav\">&rarr;<\/span><\/a><\/p>\n","protected":false},"author":2,"featured_media":0,"parent":0,"menu_order":0,"comment_status":"closed","ping_status":"closed","template":"","meta":{"footnotes":""},"class_list":["post-19","page","type-page","status-publish","hentry"],"_links":{"self":[{"href":"https:\/\/fundacionexe.org\/workshops\/femlab24\/wp-json\/wp\/v2\/pages\/19","targetHints":{"allow":["GET"]}}],"collection":[{"href":"https:\/\/fundacionexe.org\/workshops\/femlab24\/wp-json\/wp\/v2\/pages"}],"about":[{"href":"https:\/\/fundacionexe.org\/workshops\/femlab24\/wp-json\/wp\/v2\/types\/page"}],"author":[{"embeddable":true,"href":"https:\/\/fundacionexe.org\/workshops\/femlab24\/wp-json\/wp\/v2\/users\/2"}],"replies":[{"embeddable":true,"href":"https:\/\/fundacionexe.org\/workshops\/femlab24\/wp-json\/wp\/v2\/comments?post=19"}],"version-history":[{"count":20,"href":"https:\/\/fundacionexe.org\/workshops\/femlab24\/wp-json\/wp\/v2\/pages\/19\/revisions"}],"predecessor-version":[{"id":333,"href":"https:\/\/fundacionexe.org\/workshops\/femlab24\/wp-json\/wp\/v2\/pages\/19\/revisions\/333"}],"wp:attachment":[{"href":"https:\/\/fundacionexe.org\/workshops\/femlab24\/wp-json\/wp\/v2\/media?parent=19"}],"curies":[{"name":"wp","href":"https:\/\/api.w.org\/{rel}","templated":true}]}}