{"id":2,"date":"2019-03-22T13:08:14","date_gmt":"2019-03-22T11:08:14","guid":{"rendered":"http:\/\/fundacionexe.org\/workshops\/femlab24\/?page_id=2"},"modified":"2024-10-08T10:15:51","modified_gmt":"2024-10-08T08:15:51","slug":"inici","status":"publish","type":"page","link":"https:\/\/fundacionexe.org\/workshops\/femlab24\/inici\/","title":{"rendered":"Programa"},"content":{"rendered":"<p><b>DIVENDRES, 8 DE NOVEMBRE de 2024<\/b><\/p>\n<p><span style=\"font-weight: 400\">9.30 h Recepci\u00f3 de participants<\/span><\/p>\n<p><span style=\"font-weight: 400\">9.45 h Inauguraci\u00f3<\/span><\/p>\n<p><span style=\"font-weight: 400\">10.00 h Pon\u00e8ncia inaugural:\u00a0<\/span><\/p>\n<ul>\n<li><b>Sara Farris<\/b><span style=\"font-weight: 400\"><span style=\"font-weight: 400\">, soci\u00f2loga, professora universit\u00e0ria de la Goldsmiths, University of London. Creadora del terme <em>feminacionalisme<\/em>.<br \/>\n<\/span><\/span><span style=\"font-weight: 400\"><br style=\"font-weight: 400\" \/><\/span><\/li>\n<\/ul>\n<p><span style=\"font-weight: 400\">10.45 h Descans &#8211; caf\u00e9<\/span><\/p>\n<p><span style=\"font-weight: 400\">11.15 h\u00a0 Taula redona 1. La relaci\u00f3 entre l\u2019antifeminisme i la pujada de la ultradreta a Europa.<\/span><\/p>\n<ul>\n<li style=\"font-weight: 400\"><span style=\"font-weight: 400\"><strong>Andrea Dip<\/strong>, periodista d\u2019investigaci\u00f3 brasilera, experta en g\u00e8nere i drets humans.<\/span><\/li>\n<li style=\"font-weight: 400\"><span style=\"font-weight: 400\"><strong>M\u00aa \u00c1ngeles Fern\u00e1ndez<\/strong>, periodista, coordinadora en Pikara Magazine.<\/span><\/li>\n<li><strong>Joana Mortagua<\/strong>, activista i diputada portuguesa del Blocco Esquerda.<\/li>\n<\/ul>\n<p><span style=\"font-weight: 400\">12.30 h Exposici\u00f3 de comunicacions<\/span><\/p>\n<p><span style=\"font-weight: 400\">14.00 h Dinar<\/span><\/p>\n<p><span style=\"font-weight: 400\">16.00 h Taula redona 2. L\u2019antifeminisme a l\u2019esfera digital: manosfera i desinformaci\u00f3.<\/span><\/p>\n<ul>\n<li style=\"font-weight: 400\"><b>Silva Diaz Fern\u00e0ndez,<\/b><span style=\"font-weight: 400\">\u00a0soci\u00f2loga, \u00a0experta en antifeminisme i manosfera.<\/span><\/li>\n<li style=\"font-weight: 400\"><b>Neus Tur<\/b>, polit\u00f2loga mallorquina especialitzada en estudis de g\u00e8nere.<\/li>\n<li style=\"font-weight: 400\"><b>Annina Van Riper,<\/b><span style=\"font-weight: 400\"> investigadora sobre lideratges i confian\u00e7a a les comunitats virtuals.\u200b\u200b<\/span><\/li>\n<\/ul>\n<p><span style=\"font-weight: 400\">17.30 h Conclusions gr\u00e0fiques<\/span><\/p>\n<ul>\n<li><span style=\"font-weight: 400\">\u00a0<\/span><b>Tereseta<\/b><span style=\"font-weight: 400\">, Dissenyadora gr\u00e0fica open source i facilitadora de grups.<\/span><\/li>\n<\/ul>\n<p><span style=\"font-weight: 400\">18.00 h Cloenda<\/span><\/p>\n","protected":false},"excerpt":{"rendered":"<p>DIVENDRES, 8 DE NOVEMBRE de 2024 9.30 h Recepci\u00f3 de participants 9.45 h Inauguraci\u00f3 10.00 h Pon\u00e8ncia inaugural:\u00a0 Sara Farris, soci\u00f2loga, professora universit\u00e0ria de la Goldsmiths, University of London. Creadora del terme feminacionalisme. 10.45 h Descans &#8211; caf\u00e9 11.15 h\u00a0 Taula redona 1. La relaci\u00f3 entre l\u2019antifeminisme i la pujada de la ultradreta a Europa. &hellip; <a href=\"https:\/\/fundacionexe.org\/workshops\/femlab24\/inici\/\" class=\"more-link\">Continua la lectura de <span class=\"screen-reader-text\">Programa<\/span> <span class=\"meta-nav\">&rarr;<\/span><\/a><\/p>\n","protected":false},"author":1,"featured_media":0,"parent":0,"menu_order":0,"comment_status":"closed","ping_status":"closed","template":"","meta":{"footnotes":""},"class_list":["post-2","page","type-page","status-publish","hentry"],"_links":{"self":[{"href":"https:\/\/fundacionexe.org\/workshops\/femlab24\/wp-json\/wp\/v2\/pages\/2","targetHints":{"allow":["GET"]}}],"collection":[{"href":"https:\/\/fundacionexe.org\/workshops\/femlab24\/wp-json\/wp\/v2\/pages"}],"about":[{"href":"https:\/\/fundacionexe.org\/workshops\/femlab24\/wp-json\/wp\/v2\/types\/page"}],"author":[{"embeddable":true,"href":"https:\/\/fundacionexe.org\/workshops\/femlab24\/wp-json\/wp\/v2\/users\/1"}],"replies":[{"embeddable":true,"href":"https:\/\/fundacionexe.org\/workshops\/femlab24\/wp-json\/wp\/v2\/comments?post=2"}],"version-history":[{"count":65,"href":"https:\/\/fundacionexe.org\/workshops\/femlab24\/wp-json\/wp\/v2\/pages\/2\/revisions"}],"predecessor-version":[{"id":352,"href":"https:\/\/fundacionexe.org\/workshops\/femlab24\/wp-json\/wp\/v2\/pages\/2\/revisions\/352"}],"wp:attachment":[{"href":"https:\/\/fundacionexe.org\/workshops\/femlab24\/wp-json\/wp\/v2\/media?parent=2"}],"curies":[{"name":"wp","href":"https:\/\/api.w.org\/{rel}","templated":true}]}}