{"id":38,"date":"2019-04-10T12:27:06","date_gmt":"2019-04-10T10:27:06","guid":{"rendered":"http:\/\/fundacionexe.org\/workshops\/femlab24\/?page_id=38"},"modified":"2024-10-21T19:11:00","modified_gmt":"2024-10-21T17:11:00","slug":"normes-de-presentacio","status":"publish","type":"page","link":"https:\/\/fundacionexe.org\/workshops\/femlab24\/normes-de-presentacio\/","title":{"rendered":"Normes de presentaci\u00f3"},"content":{"rendered":"<p><span style=\"font-weight: 400\">Les normes de presentaci\u00f3 seg\u00fcents s\u00f3n comunes per a les dos modalitats anteriors (comunicacions i hub-p\u00f2sters):<\/span><\/p>\r\n<ul>\r\n<li style=\"font-weight: 400\"><span style=\"font-weight: 400\">Cada persona pot ser autora o coautora d\u2019un l\u00edmit de dos propostes per tal de promoure la participaci\u00f3 del major nombre de persones possibles.\u00a0<\/span><\/li>\r\n<li style=\"font-weight: 400\"><span style=\"font-weight: 400\">Totes les propostes s\u2019enviaran al correu nexe@fundacionexe.org amb assumpte COMUNICACI\u00d3_FEMLAB24_NOM AUTOR\/A.<\/span><\/li>\r\n<li style=\"font-weight: 400\"><span style=\"font-weight: 400\">El congr\u00e9s \u00e9s de car\u00e0cter multiling\u00fce amb acceptaci\u00f3 de comunicacions en valenci\u00e0, castell\u00e0, i les altres lleng\u00fces oficials a les distintes comunitats aut\u00f2nomes, aix\u00ed com en angl\u00e9s. No obstant, les lleng\u00fces del congr\u00e9s seran el castell\u00e0, el valenci\u00e0 i l\u2019angl\u00e9s.\u00a0<\/span><\/li>\r\n<li style=\"font-weight: 400\"><span style=\"font-weight: 400\">L\u2019organitzaci\u00f3 del Workshop comunicar\u00e0 mitjan\u00e7ant correu electr\u00f2nic l\u2019acceptaci\u00f3 de la comunicaci\u00f3 o del p\u00f2ster.<\/span><\/li>\r\n<li style=\"font-weight: 400\"><span style=\"font-weight: 400\">L\u2019organitzaci\u00f3 certificar\u00e0 la presentaci\u00f3 de les comunicacions i p\u00f2sters sempre que siguen acceptades i presentades oralment durant el congr\u00e9s.<\/span><\/li>\r\n<li style=\"font-weight: 400\"><span style=\"font-weight: 400\">Els criteris d\u2019acceptaci\u00f3 d\u2019una proposta s\u00f3n:<\/span>\r\n<ul>\r\n<li style=\"font-weight: 400\"><span style=\"font-weight: 400\">Complir les normes de format<\/span><\/li>\r\n<li style=\"font-weight: 400\"><span style=\"font-weight: 400\">Ser una proposta ajustada a la tem\u00e0tica del congr\u00e9s (feminisme i sobiranies).<\/span><\/li>\r\n<li style=\"font-weight: 400\"><span style=\"font-weight: 400\">Originalitat i incid\u00e8ncia social de la proposta.<\/span><\/li>\r\n<\/ul>\r\n<\/li>\r\n<\/ul><p>&nbsp;<\/p>","protected":false},"excerpt":{"rendered":"<p>Les normes de presentaci\u00f3 seg\u00fcents s\u00f3n comunes per a les dos modalitats anteriors (comunicacions i hub-p\u00f2sters): Cada persona pot ser autora o coautora d\u2019un l\u00edmit de dos propostes per tal de promoure la participaci\u00f3 del major nombre de persones possibles.\u00a0 Totes les propostes s\u2019enviaran al correu nexe@fundacionexe.org amb assumpte COMUNICACI\u00d3_FEMLAB24_NOM AUTOR\/A. El congr\u00e9s \u00e9s de &hellip; <a href=\"https:\/\/fundacionexe.org\/workshops\/femlab24\/normes-de-presentacio\/\" class=\"more-link\">Continua la lectura de <span class=\"screen-reader-text\">Normes de presentaci\u00f3<\/span> <span class=\"meta-nav\">&rarr;<\/span><\/a><\/p>\n","protected":false},"author":2,"featured_media":0,"parent":0,"menu_order":0,"comment_status":"closed","ping_status":"closed","template":"","meta":{"footnotes":""},"class_list":["post-38","page","type-page","status-publish","hentry"],"_links":{"self":[{"href":"https:\/\/fundacionexe.org\/workshops\/femlab24\/wp-json\/wp\/v2\/pages\/38","targetHints":{"allow":["GET"]}}],"collection":[{"href":"https:\/\/fundacionexe.org\/workshops\/femlab24\/wp-json\/wp\/v2\/pages"}],"about":[{"href":"https:\/\/fundacionexe.org\/workshops\/femlab24\/wp-json\/wp\/v2\/types\/page"}],"author":[{"embeddable":true,"href":"https:\/\/fundacionexe.org\/workshops\/femlab24\/wp-json\/wp\/v2\/users\/2"}],"replies":[{"embeddable":true,"href":"https:\/\/fundacionexe.org\/workshops\/femlab24\/wp-json\/wp\/v2\/comments?post=38"}],"version-history":[{"count":11,"href":"https:\/\/fundacionexe.org\/workshops\/femlab24\/wp-json\/wp\/v2\/pages\/38\/revisions"}],"predecessor-version":[{"id":358,"href":"https:\/\/fundacionexe.org\/workshops\/femlab24\/wp-json\/wp\/v2\/pages\/38\/revisions\/358"}],"wp:attachment":[{"href":"https:\/\/fundacionexe.org\/workshops\/femlab24\/wp-json\/wp\/v2\/media?parent=38"}],"curies":[{"name":"wp","href":"https:\/\/api.w.org\/{rel}","templated":true}]}}