{"id":6,"date":"2021-03-24T17:16:52","date_gmt":"2021-03-24T15:16:52","guid":{"rendered":"http:\/\/fundacionexe.org\/workshops\/greenlab\/?page_id=6"},"modified":"2022-11-25T18:27:56","modified_gmt":"2022-11-25T16:27:56","slug":"inici","status":"publish","type":"page","link":"https:\/\/fundacionexe.org\/workshops\/greenlab\/","title":{"rendered":"Presentaci\u00f3"},"content":{"rendered":"<p><b>I Workshop del Green Lab de la Fundaci\u00f3 Nexe.<\/b><\/p>\n<p><b>Pacte Verd Europeu o Decreixement Econ\u00f2mic? Cap a una societat del benestar<\/b><\/p>\n<p><span style=\"font-weight: 400;\">Amb l\u2019objectiu de reflexionar sobre el futur de l\u2019ecologisme valenci\u00e0, el Green Lab de la Fundaci\u00f3 Nexe organitza el seu primer Workshop. Junt amb la Fundaci\u00f3 Coppieters i l\u2019Institut d\u2019Estudis de la Vall d\u2019Albaida, Nexe examina els diferents models ecosocials proposats per abordar la transici\u00f3 ecol\u00f2gica a Europa.\u00a0<\/span><\/p>\n<p><span style=\"font-weight: 400;\">Com pot el valencianisme contribuir al debat de pol\u00edtiques verdes europees? Quin model econ\u00f2mic permet abordar els reptes de la transici\u00f3 ecol\u00f2gica amb major efici\u00e8ncia: el decreixement o un Nou Pacte Verd Europeu?<\/span><\/p>\n<p><span style=\"font-weight: 400;\">El I Workshop del Green Lab busca aix\u00ed reunir professors i persones expertes del m\u00f3n acad\u00e8mic, periodistes, estudiants, activistes i c\u00e0rrecs electes per debatre les interrelacions entre l\u2019actual model econ\u00f2mic i la crisi clim\u00e0tica a Europa, aix\u00ed com la necessitat de canviar el model productiu al Pa\u00eds Valenci\u00e0 per fer front al repte del canvi clim\u00e0tic.<\/span><\/p>\n<p><span style=\"font-weight: 400;\">La jornada, que se celebrar\u00e0 a Ontinyent el 10 de desembre, comptar\u00e0 amb unes pon\u00e8ncies i amb la participaci\u00f3 de veus expertes en dos taules de debat. La primera taula analitzar\u00e0 les tend\u00e8ncies i interrelacions entre l\u2019economia global i l\u2019ecologisme pol\u00edtic, amb el focus posat al continent europeu.\u00a0 La segona, posar\u00e0 a debat la natura dels moviments ecologistes i de les pol\u00edtiques p\u00fabliques valencianes en relaci\u00f3 als paradigmes del Nou Pacte Verd i el decreixement econ\u00f2mic i permetr\u00e0 intercanviar bones pr\u00e0ctiques i models d\u2019\u00e8xit en la transici\u00f3 cap a una economia verda i del benestar.<\/span><\/p>\n","protected":false},"excerpt":{"rendered":"<p>I Workshop del Green Lab de la Fundaci\u00f3 Nexe. Pacte Verd Europeu o Decreixement Econ\u00f2mic? Cap a una societat del benestar Amb l\u2019objectiu de reflexionar sobre el futur de l\u2019ecologisme valenci\u00e0, el Green Lab de la Fundaci\u00f3 Nexe organitza el seu primer Workshop. Junt amb la Fundaci\u00f3 Coppieters i l\u2019Institut d\u2019Estudis de la Vall d\u2019Albaida, &hellip; <a href=\"https:\/\/fundacionexe.org\/workshops\/greenlab\/\" class=\"more-link\">Continua la lectura de <span class=\"screen-reader-text\">Presentaci\u00f3<\/span> <span class=\"meta-nav\">&rarr;<\/span><\/a><\/p>\n","protected":false},"author":5,"featured_media":0,"parent":0,"menu_order":0,"comment_status":"closed","ping_status":"closed","template":"","meta":{"footnotes":""},"class_list":["post-6","page","type-page","status-publish","hentry"],"_links":{"self":[{"href":"https:\/\/fundacionexe.org\/workshops\/greenlab\/wp-json\/wp\/v2\/pages\/6","targetHints":{"allow":["GET"]}}],"collection":[{"href":"https:\/\/fundacionexe.org\/workshops\/greenlab\/wp-json\/wp\/v2\/pages"}],"about":[{"href":"https:\/\/fundacionexe.org\/workshops\/greenlab\/wp-json\/wp\/v2\/types\/page"}],"author":[{"embeddable":true,"href":"https:\/\/fundacionexe.org\/workshops\/greenlab\/wp-json\/wp\/v2\/users\/5"}],"replies":[{"embeddable":true,"href":"https:\/\/fundacionexe.org\/workshops\/greenlab\/wp-json\/wp\/v2\/comments?post=6"}],"version-history":[{"count":21,"href":"https:\/\/fundacionexe.org\/workshops\/greenlab\/wp-json\/wp\/v2\/pages\/6\/revisions"}],"predecessor-version":[{"id":186,"href":"https:\/\/fundacionexe.org\/workshops\/greenlab\/wp-json\/wp\/v2\/pages\/6\/revisions\/186"}],"wp:attachment":[{"href":"https:\/\/fundacionexe.org\/workshops\/greenlab\/wp-json\/wp\/v2\/media?parent=6"}],"curies":[{"name":"wp","href":"https:\/\/api.w.org\/{rel}","templated":true}]}}