{"id":71,"date":"2019-04-11T11:22:42","date_gmt":"2019-04-11T09:22:42","guid":{"rendered":"http:\/\/fundacionexe.org\/workshops\/luev-identitaticultura24\/?page_id=71"},"modified":"2024-09-26T13:43:26","modified_gmt":"2024-09-26T11:43:26","slug":"inscripcions","status":"publish","type":"page","link":"https:\/\/fundacionexe.org\/workshops\/luev-identitaticultura24\/inscripcions\/","title":{"rendered":"Inscripcions"},"content":{"rendered":"<p>&nbsp;<\/p>\r\n<p>&nbsp;<\/p>\r\n<p><span style=\"font-weight: 400\">Podeu inscriure-vos gratu\u00eftament a la Jornada Generaci\u00f3 LUEV: 40 any de Llei d&#8217;\u00das i Ensenyament en Valenci\u00e0 en <\/span><a href=\"https:\/\/forms.gle\/6zEsHvcus9AXFGte6\" target=\"_blank\" rel=\"noopener\"><span style=\"font-weight: 400\">aquest formulari<\/span><\/a>.<\/p>\r\n<p>&nbsp;<\/p>\r\n<p>&nbsp;<\/p>","protected":false},"excerpt":{"rendered":"<p>&nbsp; &nbsp; Podeu inscriure-vos gratu\u00eftament a la Jornada Generaci\u00f3 LUEV: 40 any de Llei d&#8217;\u00das i Ensenyament en Valenci\u00e0 en aquest formulari. &nbsp; &nbsp;<\/p>\n","protected":false},"author":2,"featured_media":0,"parent":0,"menu_order":0,"comment_status":"closed","ping_status":"closed","template":"","meta":{"footnotes":""},"class_list":["post-71","page","type-page","status-publish","hentry"],"_links":{"self":[{"href":"https:\/\/fundacionexe.org\/workshops\/luev-identitaticultura24\/wp-json\/wp\/v2\/pages\/71","targetHints":{"allow":["GET"]}}],"collection":[{"href":"https:\/\/fundacionexe.org\/workshops\/luev-identitaticultura24\/wp-json\/wp\/v2\/pages"}],"about":[{"href":"https:\/\/fundacionexe.org\/workshops\/luev-identitaticultura24\/wp-json\/wp\/v2\/types\/page"}],"author":[{"embeddable":true,"href":"https:\/\/fundacionexe.org\/workshops\/luev-identitaticultura24\/wp-json\/wp\/v2\/users\/2"}],"replies":[{"embeddable":true,"href":"https:\/\/fundacionexe.org\/workshops\/luev-identitaticultura24\/wp-json\/wp\/v2\/comments?post=71"}],"version-history":[{"count":22,"href":"https:\/\/fundacionexe.org\/workshops\/luev-identitaticultura24\/wp-json\/wp\/v2\/pages\/71\/revisions"}],"predecessor-version":[{"id":377,"href":"https:\/\/fundacionexe.org\/workshops\/luev-identitaticultura24\/wp-json\/wp\/v2\/pages\/71\/revisions\/377"}],"wp:attachment":[{"href":"https:\/\/fundacionexe.org\/workshops\/luev-identitaticultura24\/wp-json\/wp\/v2\/media?parent=71"}],"curies":[{"name":"wp","href":"https:\/\/api.w.org\/{rel}","templated":true}]}}