{"id":59,"date":"2016-09-21T10:04:34","date_gmt":"2016-09-21T10:04:34","guid":{"rendered":"http:\/\/fundacionexe.org\/workshops\/participacio\/?page_id=59"},"modified":"2016-09-22T08:47:20","modified_gmt":"2016-09-22T08:47:20","slug":"participa-al-verkami","status":"publish","type":"page","link":"https:\/\/fundacionexe.org\/workshops\/participacio\/participa-al-verkami\/","title":{"rendered":"Participa en el Verkami"},"content":{"rendered":"<p>Des de l&#8217;organitzaci\u00f3, i en conson\u00e0ncia amb la tem\u00e0tica, hem optat per un finan\u00e7ament col\u00b7lectiu per fer possible la celebraci\u00f3 d&#8217;aquets congr\u00e9s, per tant, participa en el\u00a0nostre verkami especial i sigues part\u00a0del projecte:<\/p>\n<p><a href=\"http:\/\/www.verkami.com\/projects\/15878-i-workshop-democracia-i-participacio\">http:\/\/www.verkami.com\/projects\/15878-i-workshop-democracia-i-participacio<\/a><\/p>\n<p>En la mateixa l\u00ednia \u00e9s important assenyalar que\u00a0<strong>participant en el\u00a0verkami<\/strong>\u00a0es poden aconseguir\u00a0<strong>inscripcions amb recompenses<\/strong>\u00a0i que nom\u00e9s si s&#8217;aconsegueixen prou inscripcions ser\u00e0 possible celebrar aquest congr\u00e9s.<\/p>\n<p>Les recompenses del verkami s\u00f3n:<\/p>\n<ul>\n<li><strong>6 euros<\/strong>: Aportaci\u00f3 simb\u00f2lica i desinteressada per a fer possible el projecte.<\/li>\n<li><strong>19 euros<\/strong>: Inscripci\u00f3 + usb amb v\u00eddeo i textos dels principals ponents sobre participaci\u00f3 ciutadana i governs de coalici\u00f3\u00a0+ El teu nom apareix als cr\u00e8dits del v\u00eddeo<\/li>\n<li><strong>25 euros<\/strong>: inscripci\u00f3 amb certificat d\u2019assist\u00e8ncia<\/li>\n<li><strong>35 euros<\/strong>: inscripci\u00f3 + certificat d\u2019assist\u00e8ncia + usb amb v\u00eddeo \u00a0i textos dels principals ponents sobre participaci\u00f3 ciutadana i governs de coalici\u00f3\u00a0+ El teu nom apareix als cr\u00e8dits del v\u00eddeo<\/li>\n<li><strong>45 euros<\/strong>:Usb amb v\u00eddeo i textos dels principals ponents sobre participaci\u00f3 ciutadana i governs de coalici\u00f3 + Llibre #Demos3 \u201cValencians i Democr\u00e0cia. Del Malestar a la Proposta\u201d + #Demos8 &#8220;El valencianisme enfront d&#8217;Espanya&#8221; + El teu nom apareix als cr\u00e8dits del v\u00eddeo<\/li>\n<li><strong>60 euros<\/strong>: Usb amb v\u00eddeo i textos dels principals ponents sobre participaci\u00f3 ciutadana i governs de coalici\u00f3\u00a0+ Llibre #Demos3 \u201cValencians i Democr\u00e0cia. Del Malestar a la Proposta\u201d\u00a0+ #Demos8 &#8220;El valencianisme enfront d&#8217;Espanya&#8221;\u00a0+ El teu nom apareix als cr\u00e8dits del v\u00eddeo\u00a0+ Samarreta exclusiva de l\u2019ACV Tirant lo Blanc amb el lema \u201cUn pa\u00eds en moviment\u201d<\/li>\n<li><strong>400 euros<\/strong>: Apar\u00e9ixer com a entitat\/persona patrocinadora i invitaci\u00f3 per a 2 persones a la Festa dels 25 anys de l\u2019ACV Tirant lo Blanc que es realitzar\u00e0 la nit del 5 de novembre. El teu nom apareix als cr\u00e8dits del v\u00eddeo.<\/li>\n<\/ul>\n","protected":false},"excerpt":{"rendered":"<p>Des de l&#8217;organitzaci\u00f3, i en conson\u00e0ncia amb la tem\u00e0tica, hem optat per un finan\u00e7ament col\u00b7lectiu per fer possible la celebraci\u00f3 d&#8217;aquets congr\u00e9s, per tant, participa en el\u00a0nostre verkami especial i sigues part\u00a0del projecte: http:\/\/www.verkami.com\/projects\/15878-i-workshop-democracia-i-participacio En la mateixa l\u00ednia \u00e9s important assenyalar que\u00a0participant en el\u00a0verkami\u00a0es poden aconseguir\u00a0inscripcions amb recompenses\u00a0i que nom\u00e9s si s&#8217;aconsegueixen prou inscripcions ser\u00e0 &hellip; <a href=\"https:\/\/fundacionexe.org\/workshops\/participacio\/participa-al-verkami\/\" class=\"more-link\">Continua la lectura de <span class=\"screen-reader-text\">Participa en el Verkami<\/span> <span class=\"meta-nav\">&rarr;<\/span><\/a><\/p>\n","protected":false},"author":2,"featured_media":0,"parent":0,"menu_order":0,"comment_status":"closed","ping_status":"closed","template":"","meta":{"footnotes":""},"class_list":["post-59","page","type-page","status-publish","hentry"],"_links":{"self":[{"href":"https:\/\/fundacionexe.org\/workshops\/participacio\/wp-json\/wp\/v2\/pages\/59","targetHints":{"allow":["GET"]}}],"collection":[{"href":"https:\/\/fundacionexe.org\/workshops\/participacio\/wp-json\/wp\/v2\/pages"}],"about":[{"href":"https:\/\/fundacionexe.org\/workshops\/participacio\/wp-json\/wp\/v2\/types\/page"}],"author":[{"embeddable":true,"href":"https:\/\/fundacionexe.org\/workshops\/participacio\/wp-json\/wp\/v2\/users\/2"}],"replies":[{"embeddable":true,"href":"https:\/\/fundacionexe.org\/workshops\/participacio\/wp-json\/wp\/v2\/comments?post=59"}],"version-history":[{"count":4,"href":"https:\/\/fundacionexe.org\/workshops\/participacio\/wp-json\/wp\/v2\/pages\/59\/revisions"}],"predecessor-version":[{"id":109,"href":"https:\/\/fundacionexe.org\/workshops\/participacio\/wp-json\/wp\/v2\/pages\/59\/revisions\/109"}],"wp:attachment":[{"href":"https:\/\/fundacionexe.org\/workshops\/participacio\/wp-json\/wp\/v2\/media?parent=59"}],"curies":[{"name":"wp","href":"https:\/\/api.w.org\/{rel}","templated":true}]}}